{"id":84,"date":"2014-11-18T14:27:57","date_gmt":"2014-11-18T12:27:57","guid":{"rendered":"http:\/\/teve-kvpolku.samk.fi\/?page_id=84"},"modified":"2017-09-26T08:44:58","modified_gmt":"2017-09-26T05:44:58","slug":"opiskelu-vaihtokorkeakoulussa","status":"publish","type":"page","link":"https:\/\/teve-kvpolku.samk.fi\/?page_id=84","title":{"rendered":"Opiskelu vaihtokorkeakoulussa \u2502 Studying in a partner institution"},"content":{"rendered":"<p>Opiskelija opiskelee, suorittaa harjoittelut ja toimii vaihtokorkeakoulun s\u00e4\u00e4nt\u00f6jen ja ohjeiden mukaan. Opintosuoritusten hyv\u00e4ksilukua varten, opiskelija huolehtii, ett\u00e4 harjoittelua ohjaava sairaanhoitaja tai opettaja allekirjoittaa tehdyt tunnit ty\u00f6vuorotaulukkoon. Samoin on t\u00e4rke\u00e4\u00e4 huolehtia korkeakoulun edustajan allekirjoitus Letter of confirmation -lomakkeeseen.<\/p>\n","protected":false},"excerpt":{"rendered":"<p>Opiskelija opiskelee, suorittaa harjoittelut ja toimii vaihtokorkeakoulun s\u00e4\u00e4nt\u00f6jen ja ohjeiden mukaan. Opintosuoritusten hyv\u00e4ksilukua varten, opiskelija huolehtii, ett\u00e4 harjoittelua ohjaava sairaanhoitaja tai opettaja allekirjoittaa tehdyt tunnit ty\u00f6vuorotaulukkoon. Samoin on t\u00e4rke\u00e4\u00e4 huolehtia korkeakoulun edustajan allekirjoitus Letter of confirmation -lomakkeeseen.<\/p>\n","protected":false},"author":1,"featured_media":0,"parent":53,"menu_order":11,"comment_status":"closed","ping_status":"closed","template":"","meta":{"footnotes":""},"class_list":["post-84","page","type-page","status-publish","hentry"],"yoast_head":"<!-- This site is optimized with the Yoast SEO plugin v27.3 - https:\/\/yoast.com\/product\/yoast-seo-wordpress\/ -->\n<title>Opiskelu vaihtokorkeakoulussa \u2502 Studying in a partner institution - Hoitoty\u00f6n opiskelijan KV-polku<\/title>\n<meta name=\"robots\" content=\"index, follow, max-snippet:-1, max-image-preview:large, max-video-preview:-1\" \/>\n<link rel=\"canonical\" href=\"https:\/\/teve-kvpolku.samk.fi\/?page_id=84\" \/>\n<meta property=\"og:locale\" content=\"fi_FI\" \/>\n<meta property=\"og:type\" content=\"article\" \/>\n<meta property=\"og:title\" content=\"Opiskelu vaihtokorkeakoulussa \u2502 Studying in a partner institution - Hoitoty\u00f6n opiskelijan KV-polku\" \/>\n<meta property=\"og:description\" content=\"Opiskelija opiskelee, suorittaa harjoittelut ja toimii vaihtokorkeakoulun s\u00e4\u00e4nt\u00f6jen ja ohjeiden mukaan. Opintosuoritusten hyv\u00e4ksilukua varten, opiskelija huolehtii, ett\u00e4 harjoittelua ohjaava sairaanhoitaja tai opettaja allekirjoittaa tehdyt tunnit ty\u00f6vuorotaulukkoon. Samoin on t\u00e4rke\u00e4\u00e4 huolehtia korkeakoulun edustajan allekirjoitus Letter of confirmation -lomakkeeseen.\" \/>\n<meta property=\"og:url\" content=\"https:\/\/teve-kvpolku.samk.fi\/?page_id=84\" \/>\n<meta property=\"og:site_name\" content=\"Hoitoty\u00f6n opiskelijan KV-polku\" \/>\n<meta property=\"article:modified_time\" content=\"2017-09-26T05:44:58+00:00\" \/>\n<script type=\"application\/ld+json\" class=\"yoast-schema-graph\">{\"@context\":\"https:\\\/\\\/schema.org\",\"@graph\":[{\"@type\":\"WebPage\",\"@id\":\"https:\\\/\\\/teve-kvpolku.samk.fi\\\/?page_id=84\",\"url\":\"https:\\\/\\\/teve-kvpolku.samk.fi\\\/?page_id=84\",\"name\":\"Opiskelu vaihtokorkeakoulussa \u2502 Studying in a partner institution - Hoitoty\u00f6n opiskelijan KV-polku\",\"isPartOf\":{\"@id\":\"https:\\\/\\\/teve-kvpolku.samk.fi\\\/#website\"},\"datePublished\":\"2014-11-18T12:27:57+00:00\",\"dateModified\":\"2017-09-26T05:44:58+00:00\",\"breadcrumb\":{\"@id\":\"https:\\\/\\\/teve-kvpolku.samk.fi\\\/?page_id=84#breadcrumb\"},\"inLanguage\":\"fi\",\"potentialAction\":[{\"@type\":\"ReadAction\",\"target\":[\"https:\\\/\\\/teve-kvpolku.samk.fi\\\/?page_id=84\"]}]},{\"@type\":\"BreadcrumbList\",\"@id\":\"https:\\\/\\\/teve-kvpolku.samk.fi\\\/?page_id=84#breadcrumb\",\"itemListElement\":[{\"@type\":\"ListItem\",\"position\":1,\"name\":\"Home\",\"item\":\"https:\\\/\\\/teve-kvpolku.samk.fi\\\/\"},{\"@type\":\"ListItem\",\"position\":2,\"name\":\"Vaihto-opiskelu \u2502Exchange\",\"item\":\"https:\\\/\\\/teve-kvpolku.samk.fi\\\/?page_id=39\"},{\"@type\":\"ListItem\",\"position\":3,\"name\":\"Ohjeet vaihtoon l\u00e4htij\u00e4lle \u2502 Excellent opportunities for studying abroad\",\"item\":\"https:\\\/\\\/teve-kvpolku.samk.fi\\\/?page_id=53\"},{\"@type\":\"ListItem\",\"position\":4,\"name\":\"Opiskelu vaihtokorkeakoulussa \u2502 Studying in a partner institution\"}]},{\"@type\":\"WebSite\",\"@id\":\"https:\\\/\\\/teve-kvpolku.samk.fi\\\/#website\",\"url\":\"https:\\\/\\\/teve-kvpolku.samk.fi\\\/\",\"name\":\"Hoitoty\u00f6n opiskelijan KV-polku\",\"description\":\"Apu kansainv\u00e4lisyysosaamisen rakentamiseen hoitoty\u00f6n opiskelijalle\",\"potentialAction\":[{\"@type\":\"SearchAction\",\"target\":{\"@type\":\"EntryPoint\",\"urlTemplate\":\"https:\\\/\\\/teve-kvpolku.samk.fi\\\/?s={search_term_string}\"},\"query-input\":{\"@type\":\"PropertyValueSpecification\",\"valueRequired\":true,\"valueName\":\"search_term_string\"}}],\"inLanguage\":\"fi\"}]}<\/script>\n<!-- \/ Yoast SEO plugin. -->","yoast_head_json":{"title":"Opiskelu vaihtokorkeakoulussa \u2502 Studying in a partner institution - Hoitoty\u00f6n opiskelijan KV-polku","robots":{"index":"index","follow":"follow","max-snippet":"max-snippet:-1","max-image-preview":"max-image-preview:large","max-video-preview":"max-video-preview:-1"},"canonical":"https:\/\/teve-kvpolku.samk.fi\/?page_id=84","og_locale":"fi_FI","og_type":"article","og_title":"Opiskelu vaihtokorkeakoulussa \u2502 Studying in a partner institution - Hoitoty\u00f6n opiskelijan KV-polku","og_description":"Opiskelija opiskelee, suorittaa harjoittelut ja toimii vaihtokorkeakoulun s\u00e4\u00e4nt\u00f6jen ja ohjeiden mukaan. Opintosuoritusten hyv\u00e4ksilukua varten, opiskelija huolehtii, ett\u00e4 harjoittelua ohjaava sairaanhoitaja tai opettaja allekirjoittaa tehdyt tunnit ty\u00f6vuorotaulukkoon. Samoin on t\u00e4rke\u00e4\u00e4 huolehtia korkeakoulun edustajan allekirjoitus Letter of confirmation -lomakkeeseen.","og_url":"https:\/\/teve-kvpolku.samk.fi\/?page_id=84","og_site_name":"Hoitoty\u00f6n opiskelijan KV-polku","article_modified_time":"2017-09-26T05:44:58+00:00","schema":{"@context":"https:\/\/schema.org","@graph":[{"@type":"WebPage","@id":"https:\/\/teve-kvpolku.samk.fi\/?page_id=84","url":"https:\/\/teve-kvpolku.samk.fi\/?page_id=84","name":"Opiskelu vaihtokorkeakoulussa \u2502 Studying in a partner institution - Hoitoty\u00f6n opiskelijan KV-polku","isPartOf":{"@id":"https:\/\/teve-kvpolku.samk.fi\/#website"},"datePublished":"2014-11-18T12:27:57+00:00","dateModified":"2017-09-26T05:44:58+00:00","breadcrumb":{"@id":"https:\/\/teve-kvpolku.samk.fi\/?page_id=84#breadcrumb"},"inLanguage":"fi","potentialAction":[{"@type":"ReadAction","target":["https:\/\/teve-kvpolku.samk.fi\/?page_id=84"]}]},{"@type":"BreadcrumbList","@id":"https:\/\/teve-kvpolku.samk.fi\/?page_id=84#breadcrumb","itemListElement":[{"@type":"ListItem","position":1,"name":"Home","item":"https:\/\/teve-kvpolku.samk.fi\/"},{"@type":"ListItem","position":2,"name":"Vaihto-opiskelu \u2502Exchange","item":"https:\/\/teve-kvpolku.samk.fi\/?page_id=39"},{"@type":"ListItem","position":3,"name":"Ohjeet vaihtoon l\u00e4htij\u00e4lle \u2502 Excellent opportunities for studying abroad","item":"https:\/\/teve-kvpolku.samk.fi\/?page_id=53"},{"@type":"ListItem","position":4,"name":"Opiskelu vaihtokorkeakoulussa \u2502 Studying in a partner institution"}]},{"@type":"WebSite","@id":"https:\/\/teve-kvpolku.samk.fi\/#website","url":"https:\/\/teve-kvpolku.samk.fi\/","name":"Hoitoty\u00f6n opiskelijan KV-polku","description":"Apu kansainv\u00e4lisyysosaamisen rakentamiseen hoitoty\u00f6n opiskelijalle","potentialAction":[{"@type":"SearchAction","target":{"@type":"EntryPoint","urlTemplate":"https:\/\/teve-kvpolku.samk.fi\/?s={search_term_string}"},"query-input":{"@type":"PropertyValueSpecification","valueRequired":true,"valueName":"search_term_string"}}],"inLanguage":"fi"}]}},"_links":{"self":[{"href":"https:\/\/teve-kvpolku.samk.fi\/index.php?rest_route=\/wp\/v2\/pages\/84","targetHints":{"allow":["GET"]}}],"collection":[{"href":"https:\/\/teve-kvpolku.samk.fi\/index.php?rest_route=\/wp\/v2\/pages"}],"about":[{"href":"https:\/\/teve-kvpolku.samk.fi\/index.php?rest_route=\/wp\/v2\/types\/page"}],"author":[{"embeddable":true,"href":"https:\/\/teve-kvpolku.samk.fi\/index.php?rest_route=\/wp\/v2\/users\/1"}],"replies":[{"embeddable":true,"href":"https:\/\/teve-kvpolku.samk.fi\/index.php?rest_route=%2Fwp%2Fv2%2Fcomments&post=84"}],"version-history":[{"count":4,"href":"https:\/\/teve-kvpolku.samk.fi\/index.php?rest_route=\/wp\/v2\/pages\/84\/revisions"}],"predecessor-version":[{"id":560,"href":"https:\/\/teve-kvpolku.samk.fi\/index.php?rest_route=\/wp\/v2\/pages\/84\/revisions\/560"}],"up":[{"embeddable":true,"href":"https:\/\/teve-kvpolku.samk.fi\/index.php?rest_route=\/wp\/v2\/pages\/53"}],"wp:attachment":[{"href":"https:\/\/teve-kvpolku.samk.fi\/index.php?rest_route=%2Fwp%2Fv2%2Fmedia&parent=84"}],"curies":[{"name":"wp","href":"https:\/\/api.w.org\/{rel}","templated":true}]}}