{"id":75,"date":"2014-11-18T14:12:48","date_gmt":"2014-11-18T12:12:48","guid":{"rendered":"http:\/\/teve-kvpolku.samk.fi\/?page_id=75"},"modified":"2017-09-26T08:36:35","modified_gmt":"2017-09-26T05:36:35","slug":"opiskelijan-vaihtoonlahtopaatos","status":"publish","type":"page","link":"https:\/\/teve-kvpolku.samk.fi\/?page_id=75","title":{"rendered":"Opiskelijan vaihtoon l\u00e4ht\u00f6p\u00e4\u00e4t\u00f6s \u2502 Decision on exchange"},"content":{"rendered":"<p>Vaihtoon l\u00e4ht\u00f6mahdollisuutta kannattaa ryhty\u00e4 miettim\u00e4\u00e4n niin varhaisessa vaiheessa opintoja kuin mahdollista. T\u00e4m\u00e4 sen vuoksi, ett\u00e4 vaihtoon l\u00e4hteminen ei saa my\u00f6h\u00e4stytt\u00e4\u00e4 opiskelijan valmistumista ja vaihtovuonna tulee opintopisteit\u00e4 kerty\u00e4 riitt\u00e4v\u00e4 m\u00e4\u00e4r\u00e4 (v\u00e4hint\u00e4\u00e4n 55 op).<\/p>\n<p>Vaihtoon l\u00e4ht\u00f6p\u00e4\u00e4t\u00f6s on joillekin opiskelijoille helppo ja selv\u00e4 asia heti opintojen alusta l\u00e4htien. Useimmille opiskelijoille p\u00e4\u00e4t\u00f6ksen tekeminen vaihtoon l\u00e4hd\u00f6st\u00e4 ei ole kuitenkaan ollenkaan yksinkertaista. Tutkimusten mukaan vaihtoon l\u00e4hd\u00f6n suurimpia esteit\u00e4 ovat opiskelijoiden mukaan<br \/>\n\u2022\u00a0\u00a0 \u00a0perhesyyt,<br \/>\n\u2022\u00a0\u00a0 \u00a0asumisj\u00e4rjestelyt ja<br \/>\n\u2022\u00a0\u00a0 \u00a0taloudelliset tekij\u00e4t.<\/p>\n<p>Kun mietit omaa tilannettasi, kirjaa paperille vaihtoon l\u00e4ht\u00f6\u00e4si puoltavat (hyv\u00e4t puolet) ja est\u00e4v\u00e4t tekij\u00e4t (huonot puolet). Asioiden paperille saattaminen auttaa sinua tilanteen j\u00e4sent\u00e4misess\u00e4 ja ratkaisujen l\u00f6yt\u00e4misess\u00e4.<\/p>\n<p>Vaihtoon l\u00e4ht\u00f6\u00e4 est\u00e4v\u00e4n\u00e4 tekij\u00e4n\u00e4 voidaan pit\u00e4\u00e4 sit\u00e4, ett\u00e4 vaihtoon l\u00e4hteminen vaatii pitk\u00e4j\u00e4nnitteist\u00e4 suunnittelua ja ep\u00e4varmuuden siet\u00e4mist\u00e4. Puoltavana tekij\u00e4n\u00e4 taas vaihdossa olleiden opiskelijoiden kuvaukset vaihtokokoemustaan. Usein opiskelijat nime\u00e4v\u00e4t vaihtojakson yhdeksi el\u00e4m\u00e4ns\u00e4 hienoimmista kokemuksista! T\u00e4m\u00e4n vuoksi kannustamme sinua etenem\u00e4\u00e4n vaihtoprosessissa seuraavalle portaalle ja aloittamaan vaihtojakson suunnittelun. Lopullinen vaihtoon l\u00e4ht\u00f6p\u00e4\u00e4t\u00f6s todenn\u00e4k\u00f6isesti selkeytyy suunnitteluprosessin ja lis\u00e4tiedon my\u00f6t\u00e4, jota saat esimerkiksi osallistumalla lukukausittain toteutettaviin hakuinfoihin.<\/p>\n","protected":false},"excerpt":{"rendered":"<p>Vaihtoon l\u00e4ht\u00f6mahdollisuutta kannattaa ryhty\u00e4 miettim\u00e4\u00e4n niin varhaisessa vaiheessa opintoja kuin mahdollista. T\u00e4m\u00e4 sen vuoksi, ett\u00e4 vaihtoon l\u00e4hteminen ei saa my\u00f6h\u00e4stytt\u00e4\u00e4 opiskelijan valmistumista ja vaihtovuonna tulee opintopisteit\u00e4 kerty\u00e4 riitt\u00e4v\u00e4 m\u00e4\u00e4r\u00e4 (v\u00e4hint\u00e4\u00e4n 55 op). Vaihtoon l\u00e4ht\u00f6p\u00e4\u00e4t\u00f6s on joillekin opiskelijoille helppo ja selv\u00e4 asia heti opintojen alusta l\u00e4htien. Useimmille opiskelijoille p\u00e4\u00e4t\u00f6ksen tekeminen vaihtoon l\u00e4hd\u00f6st\u00e4 ei ole kuitenkaan ollenkaan [&hellip;]<\/p>\n","protected":false},"author":1,"featured_media":0,"parent":53,"menu_order":1,"comment_status":"closed","ping_status":"closed","template":"","meta":{"footnotes":""},"class_list":["post-75","page","type-page","status-publish","hentry"],"yoast_head":"<!-- This site is optimized with the Yoast SEO plugin v27.3 - https:\/\/yoast.com\/product\/yoast-seo-wordpress\/ -->\n<title>Opiskelijan vaihtoon l\u00e4ht\u00f6p\u00e4\u00e4t\u00f6s \u2502 Decision on exchange - Hoitoty\u00f6n opiskelijan KV-polku<\/title>\n<meta name=\"robots\" content=\"index, follow, max-snippet:-1, max-image-preview:large, max-video-preview:-1\" \/>\n<link rel=\"canonical\" href=\"https:\/\/teve-kvpolku.samk.fi\/?page_id=75\" \/>\n<meta property=\"og:locale\" content=\"fi_FI\" \/>\n<meta property=\"og:type\" content=\"article\" \/>\n<meta property=\"og:title\" content=\"Opiskelijan vaihtoon l\u00e4ht\u00f6p\u00e4\u00e4t\u00f6s \u2502 Decision on exchange - Hoitoty\u00f6n opiskelijan KV-polku\" \/>\n<meta property=\"og:description\" content=\"Vaihtoon l\u00e4ht\u00f6mahdollisuutta kannattaa ryhty\u00e4 miettim\u00e4\u00e4n niin varhaisessa vaiheessa opintoja kuin mahdollista. T\u00e4m\u00e4 sen vuoksi, ett\u00e4 vaihtoon l\u00e4hteminen ei saa my\u00f6h\u00e4stytt\u00e4\u00e4 opiskelijan valmistumista ja vaihtovuonna tulee opintopisteit\u00e4 kerty\u00e4 riitt\u00e4v\u00e4 m\u00e4\u00e4r\u00e4 (v\u00e4hint\u00e4\u00e4n 55 op). Vaihtoon l\u00e4ht\u00f6p\u00e4\u00e4t\u00f6s on joillekin opiskelijoille helppo ja selv\u00e4 asia heti opintojen alusta l\u00e4htien. Useimmille opiskelijoille p\u00e4\u00e4t\u00f6ksen tekeminen vaihtoon l\u00e4hd\u00f6st\u00e4 ei ole kuitenkaan ollenkaan [&hellip;]\" \/>\n<meta property=\"og:url\" content=\"https:\/\/teve-kvpolku.samk.fi\/?page_id=75\" \/>\n<meta property=\"og:site_name\" content=\"Hoitoty\u00f6n opiskelijan KV-polku\" \/>\n<meta property=\"article:modified_time\" content=\"2017-09-26T05:36:35+00:00\" \/>\n<meta name=\"twitter:label1\" content=\"Arvioitu lukuaika\" \/>\n\t<meta name=\"twitter:data1\" content=\"1 minuutti\" \/>\n<script type=\"application\/ld+json\" class=\"yoast-schema-graph\">{\"@context\":\"https:\\\/\\\/schema.org\",\"@graph\":[{\"@type\":\"WebPage\",\"@id\":\"https:\\\/\\\/teve-kvpolku.samk.fi\\\/?page_id=75\",\"url\":\"https:\\\/\\\/teve-kvpolku.samk.fi\\\/?page_id=75\",\"name\":\"Opiskelijan vaihtoon l\u00e4ht\u00f6p\u00e4\u00e4t\u00f6s \u2502 Decision on exchange - Hoitoty\u00f6n opiskelijan KV-polku\",\"isPartOf\":{\"@id\":\"https:\\\/\\\/teve-kvpolku.samk.fi\\\/#website\"},\"datePublished\":\"2014-11-18T12:12:48+00:00\",\"dateModified\":\"2017-09-26T05:36:35+00:00\",\"breadcrumb\":{\"@id\":\"https:\\\/\\\/teve-kvpolku.samk.fi\\\/?page_id=75#breadcrumb\"},\"inLanguage\":\"fi\",\"potentialAction\":[{\"@type\":\"ReadAction\",\"target\":[\"https:\\\/\\\/teve-kvpolku.samk.fi\\\/?page_id=75\"]}]},{\"@type\":\"BreadcrumbList\",\"@id\":\"https:\\\/\\\/teve-kvpolku.samk.fi\\\/?page_id=75#breadcrumb\",\"itemListElement\":[{\"@type\":\"ListItem\",\"position\":1,\"name\":\"Home\",\"item\":\"https:\\\/\\\/teve-kvpolku.samk.fi\\\/\"},{\"@type\":\"ListItem\",\"position\":2,\"name\":\"Vaihto-opiskelu \u2502Exchange\",\"item\":\"https:\\\/\\\/teve-kvpolku.samk.fi\\\/?page_id=39\"},{\"@type\":\"ListItem\",\"position\":3,\"name\":\"Ohjeet vaihtoon l\u00e4htij\u00e4lle \u2502 Excellent opportunities for studying abroad\",\"item\":\"https:\\\/\\\/teve-kvpolku.samk.fi\\\/?page_id=53\"},{\"@type\":\"ListItem\",\"position\":4,\"name\":\"Opiskelijan vaihtoon l\u00e4ht\u00f6p\u00e4\u00e4t\u00f6s \u2502 Decision on exchange\"}]},{\"@type\":\"WebSite\",\"@id\":\"https:\\\/\\\/teve-kvpolku.samk.fi\\\/#website\",\"url\":\"https:\\\/\\\/teve-kvpolku.samk.fi\\\/\",\"name\":\"Hoitoty\u00f6n opiskelijan KV-polku\",\"description\":\"Apu kansainv\u00e4lisyysosaamisen rakentamiseen hoitoty\u00f6n opiskelijalle\",\"potentialAction\":[{\"@type\":\"SearchAction\",\"target\":{\"@type\":\"EntryPoint\",\"urlTemplate\":\"https:\\\/\\\/teve-kvpolku.samk.fi\\\/?s={search_term_string}\"},\"query-input\":{\"@type\":\"PropertyValueSpecification\",\"valueRequired\":true,\"valueName\":\"search_term_string\"}}],\"inLanguage\":\"fi\"}]}<\/script>\n<!-- \/ Yoast SEO plugin. -->","yoast_head_json":{"title":"Opiskelijan vaihtoon l\u00e4ht\u00f6p\u00e4\u00e4t\u00f6s \u2502 Decision on exchange - Hoitoty\u00f6n opiskelijan KV-polku","robots":{"index":"index","follow":"follow","max-snippet":"max-snippet:-1","max-image-preview":"max-image-preview:large","max-video-preview":"max-video-preview:-1"},"canonical":"https:\/\/teve-kvpolku.samk.fi\/?page_id=75","og_locale":"fi_FI","og_type":"article","og_title":"Opiskelijan vaihtoon l\u00e4ht\u00f6p\u00e4\u00e4t\u00f6s \u2502 Decision on exchange - Hoitoty\u00f6n opiskelijan KV-polku","og_description":"Vaihtoon l\u00e4ht\u00f6mahdollisuutta kannattaa ryhty\u00e4 miettim\u00e4\u00e4n niin varhaisessa vaiheessa opintoja kuin mahdollista. T\u00e4m\u00e4 sen vuoksi, ett\u00e4 vaihtoon l\u00e4hteminen ei saa my\u00f6h\u00e4stytt\u00e4\u00e4 opiskelijan valmistumista ja vaihtovuonna tulee opintopisteit\u00e4 kerty\u00e4 riitt\u00e4v\u00e4 m\u00e4\u00e4r\u00e4 (v\u00e4hint\u00e4\u00e4n 55 op). Vaihtoon l\u00e4ht\u00f6p\u00e4\u00e4t\u00f6s on joillekin opiskelijoille helppo ja selv\u00e4 asia heti opintojen alusta l\u00e4htien. Useimmille opiskelijoille p\u00e4\u00e4t\u00f6ksen tekeminen vaihtoon l\u00e4hd\u00f6st\u00e4 ei ole kuitenkaan ollenkaan [&hellip;]","og_url":"https:\/\/teve-kvpolku.samk.fi\/?page_id=75","og_site_name":"Hoitoty\u00f6n opiskelijan KV-polku","article_modified_time":"2017-09-26T05:36:35+00:00","twitter_misc":{"Arvioitu lukuaika":"1 minuutti"},"schema":{"@context":"https:\/\/schema.org","@graph":[{"@type":"WebPage","@id":"https:\/\/teve-kvpolku.samk.fi\/?page_id=75","url":"https:\/\/teve-kvpolku.samk.fi\/?page_id=75","name":"Opiskelijan vaihtoon l\u00e4ht\u00f6p\u00e4\u00e4t\u00f6s \u2502 Decision on exchange - Hoitoty\u00f6n opiskelijan KV-polku","isPartOf":{"@id":"https:\/\/teve-kvpolku.samk.fi\/#website"},"datePublished":"2014-11-18T12:12:48+00:00","dateModified":"2017-09-26T05:36:35+00:00","breadcrumb":{"@id":"https:\/\/teve-kvpolku.samk.fi\/?page_id=75#breadcrumb"},"inLanguage":"fi","potentialAction":[{"@type":"ReadAction","target":["https:\/\/teve-kvpolku.samk.fi\/?page_id=75"]}]},{"@type":"BreadcrumbList","@id":"https:\/\/teve-kvpolku.samk.fi\/?page_id=75#breadcrumb","itemListElement":[{"@type":"ListItem","position":1,"name":"Home","item":"https:\/\/teve-kvpolku.samk.fi\/"},{"@type":"ListItem","position":2,"name":"Vaihto-opiskelu \u2502Exchange","item":"https:\/\/teve-kvpolku.samk.fi\/?page_id=39"},{"@type":"ListItem","position":3,"name":"Ohjeet vaihtoon l\u00e4htij\u00e4lle \u2502 Excellent opportunities for studying abroad","item":"https:\/\/teve-kvpolku.samk.fi\/?page_id=53"},{"@type":"ListItem","position":4,"name":"Opiskelijan vaihtoon l\u00e4ht\u00f6p\u00e4\u00e4t\u00f6s \u2502 Decision on exchange"}]},{"@type":"WebSite","@id":"https:\/\/teve-kvpolku.samk.fi\/#website","url":"https:\/\/teve-kvpolku.samk.fi\/","name":"Hoitoty\u00f6n opiskelijan KV-polku","description":"Apu kansainv\u00e4lisyysosaamisen rakentamiseen hoitoty\u00f6n opiskelijalle","potentialAction":[{"@type":"SearchAction","target":{"@type":"EntryPoint","urlTemplate":"https:\/\/teve-kvpolku.samk.fi\/?s={search_term_string}"},"query-input":{"@type":"PropertyValueSpecification","valueRequired":true,"valueName":"search_term_string"}}],"inLanguage":"fi"}]}},"_links":{"self":[{"href":"https:\/\/teve-kvpolku.samk.fi\/index.php?rest_route=\/wp\/v2\/pages\/75","targetHints":{"allow":["GET"]}}],"collection":[{"href":"https:\/\/teve-kvpolku.samk.fi\/index.php?rest_route=\/wp\/v2\/pages"}],"about":[{"href":"https:\/\/teve-kvpolku.samk.fi\/index.php?rest_route=\/wp\/v2\/types\/page"}],"author":[{"embeddable":true,"href":"https:\/\/teve-kvpolku.samk.fi\/index.php?rest_route=\/wp\/v2\/users\/1"}],"replies":[{"embeddable":true,"href":"https:\/\/teve-kvpolku.samk.fi\/index.php?rest_route=%2Fwp%2Fv2%2Fcomments&post=75"}],"version-history":[{"count":14,"href":"https:\/\/teve-kvpolku.samk.fi\/index.php?rest_route=\/wp\/v2\/pages\/75\/revisions"}],"predecessor-version":[{"id":548,"href":"https:\/\/teve-kvpolku.samk.fi\/index.php?rest_route=\/wp\/v2\/pages\/75\/revisions\/548"}],"up":[{"embeddable":true,"href":"https:\/\/teve-kvpolku.samk.fi\/index.php?rest_route=\/wp\/v2\/pages\/53"}],"wp:attachment":[{"href":"https:\/\/teve-kvpolku.samk.fi\/index.php?rest_route=%2Fwp%2Fv2%2Fmedia&parent=75"}],"curies":[{"name":"wp","href":"https:\/\/api.w.org\/{rel}","templated":true}]}}