{"id":69,"date":"2014-11-18T13:51:15","date_gmt":"2014-11-18T11:51:15","guid":{"rendered":"http:\/\/teve-kvpolku.samk.fi\/?page_id=69"},"modified":"2017-09-26T08:35:16","modified_gmt":"2017-09-26T05:35:16","slug":"into-raportit","status":"publish","type":"page","link":"https:\/\/teve-kvpolku.samk.fi\/?page_id=69","title":{"rendered":"Into-opintojaksot \u2502Into"},"content":{"rendered":"<p>Lyhenne tulee sanoista \u201dInternational Orientation\u201d ja tarkoittaa Moodlessa olevaa verkkokurssia V000142. Verkkokurssi on tarkoitettu kansainv\u00e4list\u00e4 vaihto-opiskelua suunnittelevalle ja tekev\u00e4lle opiskelijalle.<\/p>\n<p>Moodlessa (2.4) l\u00f6ytyy verkko-opintojakso V000142 INTO Virtual Course on Internationalization. Vaihto-opiskelijan kuuluu suorittaa t\u00e4m\u00e4n englanninkielisen opintojakson, joka muodostuu nelj\u00e4st\u00e4 teht\u00e4v\u00e4st\u00e4. Opintojakson tarkoitus on auttaa opiskelijaa valmistautumaan vaihto-opiskeluun. Opintojakson kolmas teht\u00e4v\u00e4, joka on raportti, on tarkoitettu informaatiov\u00e4lineeksi seuraaville vaihto-opiskelijoille.<\/p>\n<p>L\u00f6yd\u00e4t Moodlesta (2.4) INTO -opintojakson kirjoittamalla hakukentt\u00e4\u00e4n &#8221;Virtual&#8221;. Jos tarvitset avaimen, tieto siihen l\u00f6ytyy <a href=\"https:\/\/extra.samk.fi\/opiskelijanpalvelut\/internationalsamk\/ulkomaille\/kaytannonohjeet.html.stx\">Oivasta<\/a>. N\u00e4in p\u00e4\u00e4set lukemaan jo ennen vaihtoonl\u00e4ht\u00f6p\u00e4\u00e4t\u00f6st\u00e4si aiempia raportteja. Raporteissa on hy\u00f6dyllist\u00e4 &#8221;ruohonjuuritason&#8221; tietoa vaihtojen toteutumisesta opiskelijoiden n\u00e4k\u00f6kulmasta.<\/p>\n","protected":false},"excerpt":{"rendered":"<p>Lyhenne tulee sanoista \u201dInternational Orientation\u201d ja tarkoittaa Moodlessa olevaa verkkokurssia V000142. Verkkokurssi on tarkoitettu kansainv\u00e4list\u00e4 vaihto-opiskelua suunnittelevalle ja tekev\u00e4lle opiskelijalle. Moodlessa (2.4) l\u00f6ytyy verkko-opintojakso V000142 INTO Virtual Course on Internationalization. Vaihto-opiskelijan kuuluu suorittaa t\u00e4m\u00e4n englanninkielisen opintojakson, joka muodostuu nelj\u00e4st\u00e4 teht\u00e4v\u00e4st\u00e4. Opintojakson tarkoitus on auttaa opiskelijaa valmistautumaan vaihto-opiskeluun. Opintojakson kolmas teht\u00e4v\u00e4, joka on raportti, on tarkoitettu [&hellip;]<\/p>\n","protected":false},"author":1,"featured_media":0,"parent":39,"menu_order":3,"comment_status":"closed","ping_status":"closed","template":"","meta":{"footnotes":""},"class_list":["post-69","page","type-page","status-publish","hentry"],"yoast_head":"<!-- This site is optimized with the Yoast SEO plugin v27.3 - https:\/\/yoast.com\/product\/yoast-seo-wordpress\/ -->\n<title>Into-opintojaksot \u2502Into - Hoitoty\u00f6n opiskelijan KV-polku<\/title>\n<meta name=\"robots\" content=\"index, follow, max-snippet:-1, max-image-preview:large, max-video-preview:-1\" \/>\n<link rel=\"canonical\" href=\"https:\/\/teve-kvpolku.samk.fi\/?page_id=69\" \/>\n<meta property=\"og:locale\" content=\"fi_FI\" \/>\n<meta property=\"og:type\" content=\"article\" \/>\n<meta property=\"og:title\" content=\"Into-opintojaksot \u2502Into - Hoitoty\u00f6n opiskelijan KV-polku\" \/>\n<meta property=\"og:description\" content=\"Lyhenne tulee sanoista \u201dInternational Orientation\u201d ja tarkoittaa Moodlessa olevaa verkkokurssia V000142. Verkkokurssi on tarkoitettu kansainv\u00e4list\u00e4 vaihto-opiskelua suunnittelevalle ja tekev\u00e4lle opiskelijalle. Moodlessa (2.4) l\u00f6ytyy verkko-opintojakso V000142 INTO Virtual Course on Internationalization. Vaihto-opiskelijan kuuluu suorittaa t\u00e4m\u00e4n englanninkielisen opintojakson, joka muodostuu nelj\u00e4st\u00e4 teht\u00e4v\u00e4st\u00e4. Opintojakson tarkoitus on auttaa opiskelijaa valmistautumaan vaihto-opiskeluun. Opintojakson kolmas teht\u00e4v\u00e4, joka on raportti, on tarkoitettu [&hellip;]\" \/>\n<meta property=\"og:url\" content=\"https:\/\/teve-kvpolku.samk.fi\/?page_id=69\" \/>\n<meta property=\"og:site_name\" content=\"Hoitoty\u00f6n opiskelijan KV-polku\" \/>\n<meta property=\"article:modified_time\" content=\"2017-09-26T05:35:16+00:00\" \/>\n<meta name=\"twitter:label1\" content=\"Arvioitu lukuaika\" \/>\n\t<meta name=\"twitter:data1\" content=\"1 minuutti\" \/>\n<script type=\"application\/ld+json\" class=\"yoast-schema-graph\">{\"@context\":\"https:\\\/\\\/schema.org\",\"@graph\":[{\"@type\":\"WebPage\",\"@id\":\"https:\\\/\\\/teve-kvpolku.samk.fi\\\/?page_id=69\",\"url\":\"https:\\\/\\\/teve-kvpolku.samk.fi\\\/?page_id=69\",\"name\":\"Into-opintojaksot \u2502Into - Hoitoty\u00f6n opiskelijan KV-polku\",\"isPartOf\":{\"@id\":\"https:\\\/\\\/teve-kvpolku.samk.fi\\\/#website\"},\"datePublished\":\"2014-11-18T11:51:15+00:00\",\"dateModified\":\"2017-09-26T05:35:16+00:00\",\"breadcrumb\":{\"@id\":\"https:\\\/\\\/teve-kvpolku.samk.fi\\\/?page_id=69#breadcrumb\"},\"inLanguage\":\"fi\",\"potentialAction\":[{\"@type\":\"ReadAction\",\"target\":[\"https:\\\/\\\/teve-kvpolku.samk.fi\\\/?page_id=69\"]}]},{\"@type\":\"BreadcrumbList\",\"@id\":\"https:\\\/\\\/teve-kvpolku.samk.fi\\\/?page_id=69#breadcrumb\",\"itemListElement\":[{\"@type\":\"ListItem\",\"position\":1,\"name\":\"Home\",\"item\":\"https:\\\/\\\/teve-kvpolku.samk.fi\\\/\"},{\"@type\":\"ListItem\",\"position\":2,\"name\":\"Vaihto-opiskelu \u2502Exchange\",\"item\":\"https:\\\/\\\/teve-kvpolku.samk.fi\\\/?page_id=39\"},{\"@type\":\"ListItem\",\"position\":3,\"name\":\"Into-opintojaksot \u2502Into\"}]},{\"@type\":\"WebSite\",\"@id\":\"https:\\\/\\\/teve-kvpolku.samk.fi\\\/#website\",\"url\":\"https:\\\/\\\/teve-kvpolku.samk.fi\\\/\",\"name\":\"Hoitoty\u00f6n opiskelijan KV-polku\",\"description\":\"Apu kansainv\u00e4lisyysosaamisen rakentamiseen hoitoty\u00f6n opiskelijalle\",\"potentialAction\":[{\"@type\":\"SearchAction\",\"target\":{\"@type\":\"EntryPoint\",\"urlTemplate\":\"https:\\\/\\\/teve-kvpolku.samk.fi\\\/?s={search_term_string}\"},\"query-input\":{\"@type\":\"PropertyValueSpecification\",\"valueRequired\":true,\"valueName\":\"search_term_string\"}}],\"inLanguage\":\"fi\"}]}<\/script>\n<!-- \/ Yoast SEO plugin. -->","yoast_head_json":{"title":"Into-opintojaksot \u2502Into - Hoitoty\u00f6n opiskelijan KV-polku","robots":{"index":"index","follow":"follow","max-snippet":"max-snippet:-1","max-image-preview":"max-image-preview:large","max-video-preview":"max-video-preview:-1"},"canonical":"https:\/\/teve-kvpolku.samk.fi\/?page_id=69","og_locale":"fi_FI","og_type":"article","og_title":"Into-opintojaksot \u2502Into - Hoitoty\u00f6n opiskelijan KV-polku","og_description":"Lyhenne tulee sanoista \u201dInternational Orientation\u201d ja tarkoittaa Moodlessa olevaa verkkokurssia V000142. Verkkokurssi on tarkoitettu kansainv\u00e4list\u00e4 vaihto-opiskelua suunnittelevalle ja tekev\u00e4lle opiskelijalle. Moodlessa (2.4) l\u00f6ytyy verkko-opintojakso V000142 INTO Virtual Course on Internationalization. Vaihto-opiskelijan kuuluu suorittaa t\u00e4m\u00e4n englanninkielisen opintojakson, joka muodostuu nelj\u00e4st\u00e4 teht\u00e4v\u00e4st\u00e4. Opintojakson tarkoitus on auttaa opiskelijaa valmistautumaan vaihto-opiskeluun. Opintojakson kolmas teht\u00e4v\u00e4, joka on raportti, on tarkoitettu [&hellip;]","og_url":"https:\/\/teve-kvpolku.samk.fi\/?page_id=69","og_site_name":"Hoitoty\u00f6n opiskelijan KV-polku","article_modified_time":"2017-09-26T05:35:16+00:00","twitter_misc":{"Arvioitu lukuaika":"1 minuutti"},"schema":{"@context":"https:\/\/schema.org","@graph":[{"@type":"WebPage","@id":"https:\/\/teve-kvpolku.samk.fi\/?page_id=69","url":"https:\/\/teve-kvpolku.samk.fi\/?page_id=69","name":"Into-opintojaksot \u2502Into - Hoitoty\u00f6n opiskelijan KV-polku","isPartOf":{"@id":"https:\/\/teve-kvpolku.samk.fi\/#website"},"datePublished":"2014-11-18T11:51:15+00:00","dateModified":"2017-09-26T05:35:16+00:00","breadcrumb":{"@id":"https:\/\/teve-kvpolku.samk.fi\/?page_id=69#breadcrumb"},"inLanguage":"fi","potentialAction":[{"@type":"ReadAction","target":["https:\/\/teve-kvpolku.samk.fi\/?page_id=69"]}]},{"@type":"BreadcrumbList","@id":"https:\/\/teve-kvpolku.samk.fi\/?page_id=69#breadcrumb","itemListElement":[{"@type":"ListItem","position":1,"name":"Home","item":"https:\/\/teve-kvpolku.samk.fi\/"},{"@type":"ListItem","position":2,"name":"Vaihto-opiskelu \u2502Exchange","item":"https:\/\/teve-kvpolku.samk.fi\/?page_id=39"},{"@type":"ListItem","position":3,"name":"Into-opintojaksot \u2502Into"}]},{"@type":"WebSite","@id":"https:\/\/teve-kvpolku.samk.fi\/#website","url":"https:\/\/teve-kvpolku.samk.fi\/","name":"Hoitoty\u00f6n opiskelijan KV-polku","description":"Apu kansainv\u00e4lisyysosaamisen rakentamiseen hoitoty\u00f6n opiskelijalle","potentialAction":[{"@type":"SearchAction","target":{"@type":"EntryPoint","urlTemplate":"https:\/\/teve-kvpolku.samk.fi\/?s={search_term_string}"},"query-input":{"@type":"PropertyValueSpecification","valueRequired":true,"valueName":"search_term_string"}}],"inLanguage":"fi"}]}},"_links":{"self":[{"href":"https:\/\/teve-kvpolku.samk.fi\/index.php?rest_route=\/wp\/v2\/pages\/69","targetHints":{"allow":["GET"]}}],"collection":[{"href":"https:\/\/teve-kvpolku.samk.fi\/index.php?rest_route=\/wp\/v2\/pages"}],"about":[{"href":"https:\/\/teve-kvpolku.samk.fi\/index.php?rest_route=\/wp\/v2\/types\/page"}],"author":[{"embeddable":true,"href":"https:\/\/teve-kvpolku.samk.fi\/index.php?rest_route=\/wp\/v2\/users\/1"}],"replies":[{"embeddable":true,"href":"https:\/\/teve-kvpolku.samk.fi\/index.php?rest_route=%2Fwp%2Fv2%2Fcomments&post=69"}],"version-history":[{"count":9,"href":"https:\/\/teve-kvpolku.samk.fi\/index.php?rest_route=\/wp\/v2\/pages\/69\/revisions"}],"predecessor-version":[{"id":546,"href":"https:\/\/teve-kvpolku.samk.fi\/index.php?rest_route=\/wp\/v2\/pages\/69\/revisions\/546"}],"up":[{"embeddable":true,"href":"https:\/\/teve-kvpolku.samk.fi\/index.php?rest_route=\/wp\/v2\/pages\/39"}],"wp:attachment":[{"href":"https:\/\/teve-kvpolku.samk.fi\/index.php?rest_route=%2Fwp%2Fv2%2Fmedia&parent=69"}],"curies":[{"name":"wp","href":"https:\/\/api.w.org\/{rel}","templated":true}]}}