{"id":59,"date":"2014-11-18T13:49:44","date_gmt":"2014-11-18T11:49:44","guid":{"rendered":"http:\/\/teve-kvpolku.samk.fi\/?page_id=59"},"modified":"2017-09-25T15:54:07","modified_gmt":"2017-09-25T12:54:07","slug":"kv-infot","status":"publish","type":"page","link":"https:\/\/teve-kvpolku.samk.fi\/?page_id=59","title":{"rendered":"Kv-infot \u2502Information of international issues"},"content":{"rendered":"<p>Kansainv\u00e4liseen vaihdon hakuajat ilmoitetaan Oivassa sek\u00e4 ilmoitustaululla. Ennen jokaista hakua vaihtoon pidet\u00e4\u00e4n ns. infotilaisuus vaihtoon haluaville opiskelijoille. Kerromme hakukohteista, hakumenetelmist\u00e4, apurahoista, erilaisista vaihto-ohjelmista ja k\u00e4yt\u00e4nn\u00f6n j\u00e4rjestelyist\u00e4 mit\u00e4 tulee ottaa huomioon kun hakee vaihtoon.<\/p>\n<p>Usein infoissa on joku vaihdossa ollut opiskelija kertomassa kokemuksistaan vieraassa maassa. Voit tulla kuuntelemaan mienekiintoisia tarinoita, vaikka et suunnittelisikaan vaihtoon l\u00e4htemist\u00e4!<\/p>\n<hr \/>\n<p>&nbsp;<\/p>\n","protected":false},"excerpt":{"rendered":"<p>Kansainv\u00e4liseen vaihdon hakuajat ilmoitetaan Oivassa sek\u00e4 ilmoitustaululla. Ennen jokaista hakua vaihtoon pidet\u00e4\u00e4n ns. infotilaisuus vaihtoon haluaville opiskelijoille. Kerromme hakukohteista, hakumenetelmist\u00e4, apurahoista, erilaisista vaihto-ohjelmista ja k\u00e4yt\u00e4nn\u00f6n j\u00e4rjestelyist\u00e4 mit\u00e4 tulee ottaa huomioon kun hakee vaihtoon. Usein infoissa on joku vaihdossa ollut opiskelija kertomassa kokemuksistaan vieraassa maassa. Voit tulla kuuntelemaan mienekiintoisia tarinoita, vaikka et suunnittelisikaan vaihtoon l\u00e4htemist\u00e4! &nbsp;<\/p>\n","protected":false},"author":1,"featured_media":0,"parent":43,"menu_order":6,"comment_status":"closed","ping_status":"closed","template":"","meta":{"footnotes":""},"class_list":["post-59","page","type-page","status-publish","hentry"],"yoast_head":"<!-- This site is optimized with the Yoast SEO plugin v27.3 - https:\/\/yoast.com\/product\/yoast-seo-wordpress\/ -->\n<title>Kv-infot \u2502Information of international issues - Hoitoty\u00f6n opiskelijan KV-polku<\/title>\n<meta name=\"robots\" content=\"index, follow, max-snippet:-1, max-image-preview:large, max-video-preview:-1\" \/>\n<link rel=\"canonical\" href=\"https:\/\/teve-kvpolku.samk.fi\/?page_id=59\" \/>\n<meta property=\"og:locale\" content=\"fi_FI\" \/>\n<meta property=\"og:type\" content=\"article\" \/>\n<meta property=\"og:title\" content=\"Kv-infot \u2502Information of international issues - Hoitoty\u00f6n opiskelijan KV-polku\" \/>\n<meta property=\"og:description\" content=\"Kansainv\u00e4liseen vaihdon hakuajat ilmoitetaan Oivassa sek\u00e4 ilmoitustaululla. Ennen jokaista hakua vaihtoon pidet\u00e4\u00e4n ns. infotilaisuus vaihtoon haluaville opiskelijoille. Kerromme hakukohteista, hakumenetelmist\u00e4, apurahoista, erilaisista vaihto-ohjelmista ja k\u00e4yt\u00e4nn\u00f6n j\u00e4rjestelyist\u00e4 mit\u00e4 tulee ottaa huomioon kun hakee vaihtoon. Usein infoissa on joku vaihdossa ollut opiskelija kertomassa kokemuksistaan vieraassa maassa. Voit tulla kuuntelemaan mienekiintoisia tarinoita, vaikka et suunnittelisikaan vaihtoon l\u00e4htemist\u00e4! &nbsp;\" \/>\n<meta property=\"og:url\" content=\"https:\/\/teve-kvpolku.samk.fi\/?page_id=59\" \/>\n<meta property=\"og:site_name\" content=\"Hoitoty\u00f6n opiskelijan KV-polku\" \/>\n<meta property=\"article:modified_time\" content=\"2017-09-25T12:54:07+00:00\" \/>\n<script type=\"application\/ld+json\" class=\"yoast-schema-graph\">{\"@context\":\"https:\\\/\\\/schema.org\",\"@graph\":[{\"@type\":\"WebPage\",\"@id\":\"https:\\\/\\\/teve-kvpolku.samk.fi\\\/?page_id=59\",\"url\":\"https:\\\/\\\/teve-kvpolku.samk.fi\\\/?page_id=59\",\"name\":\"Kv-infot \u2502Information of international issues - Hoitoty\u00f6n opiskelijan KV-polku\",\"isPartOf\":{\"@id\":\"https:\\\/\\\/teve-kvpolku.samk.fi\\\/#website\"},\"datePublished\":\"2014-11-18T11:49:44+00:00\",\"dateModified\":\"2017-09-25T12:54:07+00:00\",\"breadcrumb\":{\"@id\":\"https:\\\/\\\/teve-kvpolku.samk.fi\\\/?page_id=59#breadcrumb\"},\"inLanguage\":\"fi\",\"potentialAction\":[{\"@type\":\"ReadAction\",\"target\":[\"https:\\\/\\\/teve-kvpolku.samk.fi\\\/?page_id=59\"]}]},{\"@type\":\"BreadcrumbList\",\"@id\":\"https:\\\/\\\/teve-kvpolku.samk.fi\\\/?page_id=59#breadcrumb\",\"itemListElement\":[{\"@type\":\"ListItem\",\"position\":1,\"name\":\"Home\",\"item\":\"https:\\\/\\\/teve-kvpolku.samk.fi\\\/\"},{\"@type\":\"ListItem\",\"position\":2,\"name\":\"Kotikansainv\u00e4listyminen \u2502Internationalization at your home institution\",\"item\":\"https:\\\/\\\/teve-kvpolku.samk.fi\\\/?page_id=43\"},{\"@type\":\"ListItem\",\"position\":3,\"name\":\"Kv-infot \u2502Information of international issues\"}]},{\"@type\":\"WebSite\",\"@id\":\"https:\\\/\\\/teve-kvpolku.samk.fi\\\/#website\",\"url\":\"https:\\\/\\\/teve-kvpolku.samk.fi\\\/\",\"name\":\"Hoitoty\u00f6n opiskelijan KV-polku\",\"description\":\"Apu kansainv\u00e4lisyysosaamisen rakentamiseen hoitoty\u00f6n opiskelijalle\",\"potentialAction\":[{\"@type\":\"SearchAction\",\"target\":{\"@type\":\"EntryPoint\",\"urlTemplate\":\"https:\\\/\\\/teve-kvpolku.samk.fi\\\/?s={search_term_string}\"},\"query-input\":{\"@type\":\"PropertyValueSpecification\",\"valueRequired\":true,\"valueName\":\"search_term_string\"}}],\"inLanguage\":\"fi\"}]}<\/script>\n<!-- \/ Yoast SEO plugin. -->","yoast_head_json":{"title":"Kv-infot \u2502Information of international issues - Hoitoty\u00f6n opiskelijan KV-polku","robots":{"index":"index","follow":"follow","max-snippet":"max-snippet:-1","max-image-preview":"max-image-preview:large","max-video-preview":"max-video-preview:-1"},"canonical":"https:\/\/teve-kvpolku.samk.fi\/?page_id=59","og_locale":"fi_FI","og_type":"article","og_title":"Kv-infot \u2502Information of international issues - Hoitoty\u00f6n opiskelijan KV-polku","og_description":"Kansainv\u00e4liseen vaihdon hakuajat ilmoitetaan Oivassa sek\u00e4 ilmoitustaululla. Ennen jokaista hakua vaihtoon pidet\u00e4\u00e4n ns. infotilaisuus vaihtoon haluaville opiskelijoille. Kerromme hakukohteista, hakumenetelmist\u00e4, apurahoista, erilaisista vaihto-ohjelmista ja k\u00e4yt\u00e4nn\u00f6n j\u00e4rjestelyist\u00e4 mit\u00e4 tulee ottaa huomioon kun hakee vaihtoon. Usein infoissa on joku vaihdossa ollut opiskelija kertomassa kokemuksistaan vieraassa maassa. Voit tulla kuuntelemaan mienekiintoisia tarinoita, vaikka et suunnittelisikaan vaihtoon l\u00e4htemist\u00e4! &nbsp;","og_url":"https:\/\/teve-kvpolku.samk.fi\/?page_id=59","og_site_name":"Hoitoty\u00f6n opiskelijan KV-polku","article_modified_time":"2017-09-25T12:54:07+00:00","schema":{"@context":"https:\/\/schema.org","@graph":[{"@type":"WebPage","@id":"https:\/\/teve-kvpolku.samk.fi\/?page_id=59","url":"https:\/\/teve-kvpolku.samk.fi\/?page_id=59","name":"Kv-infot \u2502Information of international issues - Hoitoty\u00f6n opiskelijan KV-polku","isPartOf":{"@id":"https:\/\/teve-kvpolku.samk.fi\/#website"},"datePublished":"2014-11-18T11:49:44+00:00","dateModified":"2017-09-25T12:54:07+00:00","breadcrumb":{"@id":"https:\/\/teve-kvpolku.samk.fi\/?page_id=59#breadcrumb"},"inLanguage":"fi","potentialAction":[{"@type":"ReadAction","target":["https:\/\/teve-kvpolku.samk.fi\/?page_id=59"]}]},{"@type":"BreadcrumbList","@id":"https:\/\/teve-kvpolku.samk.fi\/?page_id=59#breadcrumb","itemListElement":[{"@type":"ListItem","position":1,"name":"Home","item":"https:\/\/teve-kvpolku.samk.fi\/"},{"@type":"ListItem","position":2,"name":"Kotikansainv\u00e4listyminen \u2502Internationalization at your home institution","item":"https:\/\/teve-kvpolku.samk.fi\/?page_id=43"},{"@type":"ListItem","position":3,"name":"Kv-infot \u2502Information of international issues"}]},{"@type":"WebSite","@id":"https:\/\/teve-kvpolku.samk.fi\/#website","url":"https:\/\/teve-kvpolku.samk.fi\/","name":"Hoitoty\u00f6n opiskelijan KV-polku","description":"Apu kansainv\u00e4lisyysosaamisen rakentamiseen hoitoty\u00f6n opiskelijalle","potentialAction":[{"@type":"SearchAction","target":{"@type":"EntryPoint","urlTemplate":"https:\/\/teve-kvpolku.samk.fi\/?s={search_term_string}"},"query-input":{"@type":"PropertyValueSpecification","valueRequired":true,"valueName":"search_term_string"}}],"inLanguage":"fi"}]}},"_links":{"self":[{"href":"https:\/\/teve-kvpolku.samk.fi\/index.php?rest_route=\/wp\/v2\/pages\/59","targetHints":{"allow":["GET"]}}],"collection":[{"href":"https:\/\/teve-kvpolku.samk.fi\/index.php?rest_route=\/wp\/v2\/pages"}],"about":[{"href":"https:\/\/teve-kvpolku.samk.fi\/index.php?rest_route=\/wp\/v2\/types\/page"}],"author":[{"embeddable":true,"href":"https:\/\/teve-kvpolku.samk.fi\/index.php?rest_route=\/wp\/v2\/users\/1"}],"replies":[{"embeddable":true,"href":"https:\/\/teve-kvpolku.samk.fi\/index.php?rest_route=%2Fwp%2Fv2%2Fcomments&post=59"}],"version-history":[{"count":6,"href":"https:\/\/teve-kvpolku.samk.fi\/index.php?rest_route=\/wp\/v2\/pages\/59\/revisions"}],"predecessor-version":[{"id":537,"href":"https:\/\/teve-kvpolku.samk.fi\/index.php?rest_route=\/wp\/v2\/pages\/59\/revisions\/537"}],"up":[{"embeddable":true,"href":"https:\/\/teve-kvpolku.samk.fi\/index.php?rest_route=\/wp\/v2\/pages\/43"}],"wp:attachment":[{"href":"https:\/\/teve-kvpolku.samk.fi\/index.php?rest_route=%2Fwp%2Fv2%2Fmedia&parent=59"}],"curies":[{"name":"wp","href":"https:\/\/api.w.org\/{rel}","templated":true}]}}