{"id":39,"date":"2014-11-18T11:00:49","date_gmt":"2014-11-18T09:00:49","guid":{"rendered":"http:\/\/teve-kvpolku.samk.fi\/?page_id=39"},"modified":"2017-09-25T12:56:53","modified_gmt":"2017-09-25T09:56:53","slug":"vaihto-opiskelu","status":"publish","type":"page","link":"https:\/\/teve-kvpolku.samk.fi\/?page_id=39","title":{"rendered":"Vaihto-opiskelu \u2502Exchange"},"content":{"rendered":"<p>SAMK tarjoaa opiskelijoille hyv\u00e4t mahdollisuudet <a title=\"Opintojen suorittaminen ulkomailla\" href=\"https:\/\/teve-kvpolku.samk.fi\/?page_id=53\">opintojen suorittamiseen ulkomailla<\/a>. Kaikki SAMKin tutkinto-opiskelijat voivat suorittaa osan opinnoistaan ulkomailla.<\/p>\n<p>Vaihdon kesto on 3-12 kk opiskelijavaihdossa. Harjoitteluvaihdon kesto on 3-6kk. <a title=\"Intensiivikurssit\" href=\"https:\/\/teve-kvpolku.samk.fi\/?page_id=49\">Intensiivikurssien<\/a> pituus on tavallisesti vain viikon tai kaksi.<\/p>\n<p>Kaikki vaihtoon l\u00e4htev\u00e4t opiskelijat suorittavat vaihtoon valmentavan ohjelman, <a title=\"Into-opintojaksot\" href=\"https:\/\/teve-kvpolku.samk.fi\/?page_id=69\">Into-opintojakson<\/a>.<\/p>\n<p>SAMKilla on useita partnerikorkeakouluja ymp\u00e4ri maailmaa. <a title=\"Euroopan partnerikorkeakoulut\" href=\"https:\/\/teve-kvpolku.samk.fi\/?page_id=126\"><strong>Hoitoty\u00f6n partnerikorkeakoulut Euroopassa<\/strong><\/a> on kuvattu kartalle. Kauemmaksi vaihtoa suunnittelevien kannattaa jo heti alkuvaiheessa ottaa yhteytt\u00e4 kv-koordinaattoriin.<\/p>\n<p>Onnistunut vaihtojakso on monivaiheinen tapahtumasarja, joka edellytt\u00e4\u00e4 k\u00e4rsiv\u00e4llisyytt\u00e4 ja pitk\u00e4j\u00e4nteist\u00e4 ty\u00f6skentely\u00e4. Koko vaihtoprosessi on kuvattu alla edeten ajallisesti vaiheittain, mahdollisimman yksityiskohtaisesti. Kuvauksen tarkoituksena on toimia <strong>ty\u00f6kaluna<\/strong>, jonka avulla opiskelija voi hahmottaa tulevan vaihtojaksonsa kokonaisuutena, riitt\u00e4v\u00e4n yksityiskohtaisesti, niin ett\u00e4 h\u00e4n voi ty\u00f6kalun sis\u00e4lt\u00e4mien ohjeiden avulla suunnitella ja toteuttaa vaihto-opiskelunsa mahdollisimman itsen\u00e4isesti.<\/p>\n<ol>\n<li><a title=\"Opiskelijan vaihtoonl\u00e4ht\u00f6p\u00e4\u00e4t\u00f6s\" href=\"https:\/\/teve-kvpolku.samk.fi\/?page_id=75\">Opiskelijan vaihtoon l\u00e4ht\u00f6p\u00e4\u00e4t\u00f6s<\/a><\/li>\n<li><a title=\"Vaihtojakson suunnittelun aloittaminen\" href=\"https:\/\/teve-kvpolku.samk.fi\/?page_id=80\">Vaihtojakson suunnittelun aloittaminen<\/a><\/li>\n<li><a title=\"Vaihtoa tukevan kotikansainv\u00e4listymissuunnitelman laatiminen\" href=\"https:\/\/teve-kvpolku.samk.fi\/?page_id=82\">Vaihtoa tukevan kotikansainv\u00e4listymissuunnitelman laatiminen<\/a><\/li>\n<li><a title=\"Vaihtoon hakuinfoon osallistuminen\" href=\"https:\/\/teve-kvpolku.samk.fi\/?page_id=143\">Vaihtoon hakuinfoon osallistuminen<\/a><\/li>\n<li><a title=\"Vaihtoon hakeminen SAMK\" href=\"https:\/\/teve-kvpolku.samk.fi\/?page_id=145\">Vaihtoon hakeminen SAMK<\/a><\/li>\n<li><a title=\"Vaihtoon hyv\u00e4ksyminen SAMK\" href=\"https:\/\/teve-kvpolku.samk.fi\/?page_id=147\">Vaihtoon hyv\u00e4ksyminen SAMK<\/a><\/li>\n<li><a title=\"Vaihtoon hakeminen vaihtokorkeakoulu\" href=\"https:\/\/teve-kvpolku.samk.fi\/?page_id=149\">Vaihtoon hakeminen vaihtokorkeakoulu<\/a><\/li>\n<li><a title=\"Vaihtoon hyv\u00e4ksyminen vaihtokorkeakoulu\" href=\"https:\/\/teve-kvpolku.samk.fi\/?page_id=151\">Vaihtoon hyv\u00e4ksyminen vaihtokorkeakoulu<\/a><\/li>\n<li><a title=\"Vaihtoon l\u00e4htij\u00f6iden infoon osallistuminen\" href=\"https:\/\/teve-kvpolku.samk.fi\/?page_id=153\">Vaihtoon l\u00e4htij\u00f6iden infoon osallistuminen<\/a><\/li>\n<li><a title=\"Vaihtoon l\u00e4ht\u00f6\" href=\"https:\/\/teve-kvpolku.samk.fi\/?page_id=155\">Vaihtoon l\u00e4ht\u00f6<\/a><\/li>\n<li><a title=\"Opiskelu vaihtokorkeakoulussa\" href=\"https:\/\/teve-kvpolku.samk.fi\/?page_id=84\">Opiskelu vaihtokorkeakoulussa<\/a><\/li>\n<li><a title=\"Paluu vaihdosta\" href=\"https:\/\/teve-kvpolku.samk.fi\/?page_id=157\">Paluu vaihdosta<\/a><\/li>\n<li><a title=\"Paluuorientaatioon osallistuminen\" href=\"https:\/\/teve-kvpolku.samk.fi\/?page_id=159\">Paluuorientaatioon osallistuminen<\/a><\/li>\n<li><a title=\"Vaihtoraportin kirjoittaminen\" href=\"https:\/\/teve-kvpolku.samk.fi\/?page_id=162\">Vaihtoraportin kirjoittaminen<\/a><\/li>\n<li><a title=\"Konkarina toimiminen \/ toiminnan kehitt\u00e4miseen osallistuminen\" href=\"https:\/\/teve-kvpolku.samk.fi\/?page_id=164\">Konkarina toimiminen \/ toiminnan kehitt\u00e4miseen osallistuminen<\/a><\/li>\n<\/ol>\n<hr \/>\n<p>XXX &#8211; SAMK offers excellent opportunities for studying abroad. XXX<\/p>\n<p>XXX <a href=\"https:\/\/teve-kvpolku.samk.fi\/?page_id=49\">intensive course<\/a> XXX<\/p>\n<p>XXX<a href=\"https:\/\/teve-kvpolku.samk.fi\/?page_id=69\"> INTO<\/a> XXX<\/p>\n<p>XXX <a title=\"Euroopan partnerikorkeakoulut\" href=\"https:\/\/teve-kvpolku.samk.fi\/?page_id=126\"><strong>Partner institutions in Euroope<\/strong><\/a> XXX<\/p>\n<ol>\n<li><a href=\"https:\/\/teve-kvpolku.samk.fi\/?page_id=75\">Decision on exchange<\/a><\/li>\n<li><a href=\"https:\/\/teve-kvpolku.samk.fi\/?page_id=80\">Planning the exchange<\/a><\/li>\n<li><a href=\"https:\/\/teve-kvpolku.samk.fi\/?page_id=82\">Making a plan for internationalization at home which supports the exchange<\/a><\/li>\n<li><a href=\"https:\/\/teve-kvpolku.samk.fi\/?page_id=143\">Participation in the lecture on exchange options and practicalities<\/a><\/li>\n<li><a href=\"https:\/\/teve-kvpolku.samk.fi\/?page_id=145\">Application for exchange (SAMK)<\/a><\/li>\n<li>\u00a0<a href=\"https:\/\/teve-kvpolku.samk.fi\/?page_id=147\">Acceptance for exchange (SAMK)<\/a><\/li>\n<li><a href=\"https:\/\/teve-kvpolku.samk.fi\/?page_id=149\">Application for exchange ( partner institution)<\/a><\/li>\n<li><a href=\"https:\/\/teve-kvpolku.samk.fi\/?page_id=151\">Acceptance for exchange( partner institution)<\/a><\/li>\n<li><a href=\"https:\/\/teve-kvpolku.samk.fi\/?page_id=153\">Participation in the lecture for students leaving for exchange<\/a><\/li>\n<li><a href=\"https:\/\/teve-kvpolku.samk.fi\/?page_id=155\">Leaving for exchange<\/a><\/li>\n<li><a href=\"https:\/\/teve-kvpolku.samk.fi\/?page_id=84\">Studying in a partner institution<\/a><\/li>\n<li><a href=\"https:\/\/teve-kvpolku.samk.fi\/?page_id=157\">Returning from exchange<\/a><\/li>\n<li><a href=\"https:\/\/teve-kvpolku.samk.fi\/?page_id=159\">Participation in the orientation for returning students<\/a><\/li>\n<li><a href=\"https:\/\/teve-kvpolku.samk.fi\/?page_id=162\">Writing a report on the exchange period<\/a><\/li>\n<li><a href=\"https:\/\/teve-kvpolku.samk.fi\/?page_id=164\">Working as a support person for outgoing students<\/a><\/li>\n<\/ol>\n","protected":false},"excerpt":{"rendered":"<p>SAMK tarjoaa opiskelijoille hyv\u00e4t mahdollisuudet opintojen suorittamiseen ulkomailla. Kaikki SAMKin tutkinto-opiskelijat voivat suorittaa osan opinnoistaan ulkomailla. Vaihdon kesto on 3-12 kk opiskelijavaihdossa. Harjoitteluvaihdon kesto on 3-6kk. Intensiivikurssien pituus on tavallisesti vain viikon tai kaksi. Kaikki vaihtoon l\u00e4htev\u00e4t opiskelijat suorittavat vaihtoon valmentavan ohjelman, Into-opintojakson. SAMKilla on useita partnerikorkeakouluja ymp\u00e4ri maailmaa. Hoitoty\u00f6n partnerikorkeakoulut Euroopassa on kuvattu kartalle. [&hellip;]<\/p>\n","protected":false},"author":1,"featured_media":0,"parent":0,"menu_order":3,"comment_status":"closed","ping_status":"closed","template":"","meta":{"footnotes":""},"class_list":["post-39","page","type-page","status-publish","hentry"],"yoast_head":"<!-- This site is optimized with the Yoast SEO plugin v27.3 - https:\/\/yoast.com\/product\/yoast-seo-wordpress\/ -->\n<title>Vaihto-opiskelu \u2502Exchange - Hoitoty\u00f6n opiskelijan KV-polku<\/title>\n<meta name=\"robots\" content=\"index, follow, max-snippet:-1, max-image-preview:large, max-video-preview:-1\" \/>\n<link rel=\"canonical\" href=\"https:\/\/teve-kvpolku.samk.fi\/?page_id=39\" \/>\n<meta property=\"og:locale\" content=\"fi_FI\" \/>\n<meta property=\"og:type\" content=\"article\" \/>\n<meta property=\"og:title\" content=\"Vaihto-opiskelu \u2502Exchange - Hoitoty\u00f6n opiskelijan KV-polku\" \/>\n<meta property=\"og:description\" content=\"SAMK tarjoaa opiskelijoille hyv\u00e4t mahdollisuudet opintojen suorittamiseen ulkomailla. Kaikki SAMKin tutkinto-opiskelijat voivat suorittaa osan opinnoistaan ulkomailla. Vaihdon kesto on 3-12 kk opiskelijavaihdossa. Harjoitteluvaihdon kesto on 3-6kk. Intensiivikurssien pituus on tavallisesti vain viikon tai kaksi. Kaikki vaihtoon l\u00e4htev\u00e4t opiskelijat suorittavat vaihtoon valmentavan ohjelman, Into-opintojakson. SAMKilla on useita partnerikorkeakouluja ymp\u00e4ri maailmaa. Hoitoty\u00f6n partnerikorkeakoulut Euroopassa on kuvattu kartalle. [&hellip;]\" \/>\n<meta property=\"og:url\" content=\"https:\/\/teve-kvpolku.samk.fi\/?page_id=39\" \/>\n<meta property=\"og:site_name\" content=\"Hoitoty\u00f6n opiskelijan KV-polku\" \/>\n<meta property=\"article:modified_time\" content=\"2017-09-25T09:56:53+00:00\" \/>\n<meta name=\"twitter:label1\" content=\"Arvioitu lukuaika\" \/>\n\t<meta name=\"twitter:data1\" content=\"1 minuutti\" \/>\n<script type=\"application\/ld+json\" class=\"yoast-schema-graph\">{\"@context\":\"https:\\\/\\\/schema.org\",\"@graph\":[{\"@type\":\"WebPage\",\"@id\":\"https:\\\/\\\/teve-kvpolku.samk.fi\\\/?page_id=39\",\"url\":\"https:\\\/\\\/teve-kvpolku.samk.fi\\\/?page_id=39\",\"name\":\"Vaihto-opiskelu \u2502Exchange - Hoitoty\u00f6n opiskelijan KV-polku\",\"isPartOf\":{\"@id\":\"https:\\\/\\\/teve-kvpolku.samk.fi\\\/#website\"},\"datePublished\":\"2014-11-18T09:00:49+00:00\",\"dateModified\":\"2017-09-25T09:56:53+00:00\",\"breadcrumb\":{\"@id\":\"https:\\\/\\\/teve-kvpolku.samk.fi\\\/?page_id=39#breadcrumb\"},\"inLanguage\":\"fi\",\"potentialAction\":[{\"@type\":\"ReadAction\",\"target\":[\"https:\\\/\\\/teve-kvpolku.samk.fi\\\/?page_id=39\"]}]},{\"@type\":\"BreadcrumbList\",\"@id\":\"https:\\\/\\\/teve-kvpolku.samk.fi\\\/?page_id=39#breadcrumb\",\"itemListElement\":[{\"@type\":\"ListItem\",\"position\":1,\"name\":\"Home\",\"item\":\"https:\\\/\\\/teve-kvpolku.samk.fi\\\/\"},{\"@type\":\"ListItem\",\"position\":2,\"name\":\"Vaihto-opiskelu \u2502Exchange\"}]},{\"@type\":\"WebSite\",\"@id\":\"https:\\\/\\\/teve-kvpolku.samk.fi\\\/#website\",\"url\":\"https:\\\/\\\/teve-kvpolku.samk.fi\\\/\",\"name\":\"Hoitoty\u00f6n opiskelijan KV-polku\",\"description\":\"Apu kansainv\u00e4lisyysosaamisen rakentamiseen hoitoty\u00f6n opiskelijalle\",\"potentialAction\":[{\"@type\":\"SearchAction\",\"target\":{\"@type\":\"EntryPoint\",\"urlTemplate\":\"https:\\\/\\\/teve-kvpolku.samk.fi\\\/?s={search_term_string}\"},\"query-input\":{\"@type\":\"PropertyValueSpecification\",\"valueRequired\":true,\"valueName\":\"search_term_string\"}}],\"inLanguage\":\"fi\"}]}<\/script>\n<!-- \/ Yoast SEO plugin. -->","yoast_head_json":{"title":"Vaihto-opiskelu \u2502Exchange - Hoitoty\u00f6n opiskelijan KV-polku","robots":{"index":"index","follow":"follow","max-snippet":"max-snippet:-1","max-image-preview":"max-image-preview:large","max-video-preview":"max-video-preview:-1"},"canonical":"https:\/\/teve-kvpolku.samk.fi\/?page_id=39","og_locale":"fi_FI","og_type":"article","og_title":"Vaihto-opiskelu \u2502Exchange - Hoitoty\u00f6n opiskelijan KV-polku","og_description":"SAMK tarjoaa opiskelijoille hyv\u00e4t mahdollisuudet opintojen suorittamiseen ulkomailla. Kaikki SAMKin tutkinto-opiskelijat voivat suorittaa osan opinnoistaan ulkomailla. Vaihdon kesto on 3-12 kk opiskelijavaihdossa. Harjoitteluvaihdon kesto on 3-6kk. Intensiivikurssien pituus on tavallisesti vain viikon tai kaksi. Kaikki vaihtoon l\u00e4htev\u00e4t opiskelijat suorittavat vaihtoon valmentavan ohjelman, Into-opintojakson. SAMKilla on useita partnerikorkeakouluja ymp\u00e4ri maailmaa. Hoitoty\u00f6n partnerikorkeakoulut Euroopassa on kuvattu kartalle. [&hellip;]","og_url":"https:\/\/teve-kvpolku.samk.fi\/?page_id=39","og_site_name":"Hoitoty\u00f6n opiskelijan KV-polku","article_modified_time":"2017-09-25T09:56:53+00:00","twitter_misc":{"Arvioitu lukuaika":"1 minuutti"},"schema":{"@context":"https:\/\/schema.org","@graph":[{"@type":"WebPage","@id":"https:\/\/teve-kvpolku.samk.fi\/?page_id=39","url":"https:\/\/teve-kvpolku.samk.fi\/?page_id=39","name":"Vaihto-opiskelu \u2502Exchange - Hoitoty\u00f6n opiskelijan KV-polku","isPartOf":{"@id":"https:\/\/teve-kvpolku.samk.fi\/#website"},"datePublished":"2014-11-18T09:00:49+00:00","dateModified":"2017-09-25T09:56:53+00:00","breadcrumb":{"@id":"https:\/\/teve-kvpolku.samk.fi\/?page_id=39#breadcrumb"},"inLanguage":"fi","potentialAction":[{"@type":"ReadAction","target":["https:\/\/teve-kvpolku.samk.fi\/?page_id=39"]}]},{"@type":"BreadcrumbList","@id":"https:\/\/teve-kvpolku.samk.fi\/?page_id=39#breadcrumb","itemListElement":[{"@type":"ListItem","position":1,"name":"Home","item":"https:\/\/teve-kvpolku.samk.fi\/"},{"@type":"ListItem","position":2,"name":"Vaihto-opiskelu \u2502Exchange"}]},{"@type":"WebSite","@id":"https:\/\/teve-kvpolku.samk.fi\/#website","url":"https:\/\/teve-kvpolku.samk.fi\/","name":"Hoitoty\u00f6n opiskelijan KV-polku","description":"Apu kansainv\u00e4lisyysosaamisen rakentamiseen hoitoty\u00f6n opiskelijalle","potentialAction":[{"@type":"SearchAction","target":{"@type":"EntryPoint","urlTemplate":"https:\/\/teve-kvpolku.samk.fi\/?s={search_term_string}"},"query-input":{"@type":"PropertyValueSpecification","valueRequired":true,"valueName":"search_term_string"}}],"inLanguage":"fi"}]}},"_links":{"self":[{"href":"https:\/\/teve-kvpolku.samk.fi\/index.php?rest_route=\/wp\/v2\/pages\/39","targetHints":{"allow":["GET"]}}],"collection":[{"href":"https:\/\/teve-kvpolku.samk.fi\/index.php?rest_route=\/wp\/v2\/pages"}],"about":[{"href":"https:\/\/teve-kvpolku.samk.fi\/index.php?rest_route=\/wp\/v2\/types\/page"}],"author":[{"embeddable":true,"href":"https:\/\/teve-kvpolku.samk.fi\/index.php?rest_route=\/wp\/v2\/users\/1"}],"replies":[{"embeddable":true,"href":"https:\/\/teve-kvpolku.samk.fi\/index.php?rest_route=%2Fwp%2Fv2%2Fcomments&post=39"}],"version-history":[{"count":11,"href":"https:\/\/teve-kvpolku.samk.fi\/index.php?rest_route=\/wp\/v2\/pages\/39\/revisions"}],"predecessor-version":[{"id":527,"href":"https:\/\/teve-kvpolku.samk.fi\/index.php?rest_route=\/wp\/v2\/pages\/39\/revisions\/527"}],"wp:attachment":[{"href":"https:\/\/teve-kvpolku.samk.fi\/index.php?rest_route=%2Fwp%2Fv2%2Fmedia&parent=39"}],"curies":[{"name":"wp","href":"https:\/\/api.w.org\/{rel}","templated":true}]}}