{"id":20,"date":"2014-11-18T10:41:52","date_gmt":"2014-11-18T08:41:52","guid":{"rendered":"http:\/\/teve-kvpolku.samk.fi\/?page_id=20"},"modified":"2017-08-28T13:22:17","modified_gmt":"2017-08-28T10:22:17","slug":"kansainvalisyysosaamista-kartoittava-testi","status":"publish","type":"page","link":"https:\/\/teve-kvpolku.samk.fi\/?page_id=20","title":{"rendered":"Kv-osaamista kartoittava testi"},"content":{"rendered":"<p>Omaa kansainv\u00e4lisyysosaamistaan voi tarkastella esim. seuraavien kysymysten avulla. Kysymykset on laadittu Josepha Campinha-Bacotea mukaellen. Kysymysten tarkoituksena on auttaa tiedostamaan omia vahvuuksia ja kehitt\u00e4mist\u00e4 vaativia asioita.<\/p>\n<p><em><strong>1. Tied\u00e4nk\u00f6, mit\u00e4 kansainv\u00e4lisyysosaamisella tarkoitetaan?<\/strong><\/em><\/p>\n<p><em>Kansainv\u00e4lisyys on tuttu sana ja meill\u00e4 useimmilla on varmasti jonkinlainen k\u00e4sitys siit\u00e4, mit\u00e4 sana tarkoittaa. Se, mit\u00e4 kansainv\u00e4lisyysosaamisella tarkoitetaan, ei kuitenkaan ole yht\u00e4 tuttua. Katso, miten <a title=\"Kansainv\u00e4lisyysosaaminen\" href=\"https:\/\/teve-kvpolku.samk.fi\/?page_id=23\">kansainv\u00e4lisyysosaaminen<\/a> kuvataan SAMKin hoitoty\u00f6n opetussuunnitelmassa.<\/em><\/p>\n<p><em><strong>2. Onko minulla aitoa tahtoa kehitt\u00e4\u00e4 kansainv\u00e4lisyysosaamistani?<\/strong><\/em><\/p>\n<p><em>Er\u00e4s kv-polkusivuston\u00a0 teht\u00e4vist\u00e4 on her\u00e4tt\u00e4\u00e4 kiinnostus kansainv\u00e4lisyysasioita kohtaan. V\u00e4h\u00e4inenkin kiinnostus ja uteliaisuus auttavat oppimisessa. Alun j\u00e4lkeen tiedon lis\u00e4\u00e4ntyess\u00e4 kiinnostus ja motivaatio usein lis\u00e4\u00e4ntyv\u00e4t, mik\u00e4 mahdollistaa aidon tahtotilan saavuttamisen.<\/em><\/p>\n<p><em><strong>3. Hakeudunko aktiivisesti kontaktiin tai vuorovaikutukseen erilaisten ihmisten kanssa vai v\u00e4lttelenk\u00f6 eri kulttuuria edustavia ihmisi\u00e4 ja asiakkaita?<\/strong><\/em><\/p>\n<p><em>Aktiivinen hakeutumien kontaktiin ja vuorovaikutukseen erilaisten ihmisten kanssa on keskeinen osa kansainv\u00e4lisyysosaamisen kehittymisess\u00e4. Vuorovaikutustilanteiden kautta ammattilainen muokkaa omia uskomuksiaan toisista kulttuuriryhmist\u00e4 ja est\u00e4\u00e4 pysyvien \u00a0 stereotypioiden muodostumisen. T\u00e4m\u00e4 on osa-alue, jonka kehitt\u00e4miseksi l\u00f6yd\u00e4t monia mahdollisuuksia kv-polkusivustolta.<\/em><\/p>\n<p><strong><em>4. Olenko tietoinen ennakkoluuloistani eri kulttuuriryhmi\u00e4 kohtaan ja terveydenhuollossa vallitsevasta rasismista ?<\/em><\/strong><\/p>\n<p><em>Tietoisuus ennakkoluuloista ja rasismista on keskeist\u00e4 kansainv\u00e4lisyysosaamisessa. Vain harva meist\u00e4 on tietoinen kaikesta, mist\u00e4 haluaisimme olla tai kuvittelemme olevamme tietoisia. Toisinaan luulemme tiedostavamme jotain, mik\u00e4 kuitenkin on j\u00e4\u00e4nyt meilt\u00e4 havaitsematta. Tietoisuuden\u00a0 yll\u00e4pit\u00e4minen ja kehitt\u00e4minen on jatkuva ja haasteellinen prosessi, joka edellytt\u00e4\u00e4 syv\u00e4\u00e4 itsetutkiskelua.<\/em><\/p>\n<p><em><strong>5. Tunnenko riitt\u00e4v\u00e4sti erilaisten kulttuuristen ja etnisten ryhmien el\u00e4m\u00e4nkatsomusta?<\/strong><\/em><\/p>\n<p><em>Kansainv\u00e4lisyysosaaminen edellytt\u00e4\u00e4 riitt\u00e4vi\u00e4 perustietoja kulttuurisesti erilaisista ryhmist\u00e4, heid\u00e4n el\u00e4m\u00e4\u00e4ns\u00e4 ja hyvinvointiinsa liittyvist\u00e4 arvoista, uskomuksista ja k\u00e4yt\u00e4nn\u00f6ist\u00e4. \u201dRiitt\u00e4vyyden\u201d yleisp\u00e4tev\u00e4 m\u00e4\u00e4ritteleminen on vaikeaa.\u00a0 Jos arvioit tietosi riitt\u00e4viksi, olet todenn\u00e4k\u00f6isesti tullut hyvin toimeen eri kulttuureista tulevien ihmisten kanssa, mit\u00e4 voidaan pit\u00e4\u00e4 yhten\u00e4 \u201driitt\u00e4vyyden\u201d m\u00e4\u00e4ritelm\u00e4n\u00e4. N\u00e4m\u00e4 tiedot lis\u00e4\u00e4ntyv\u00e4t paitsi kirjallisuuden avulla, my\u00f6s k\u00e4yt\u00e4nn\u00f6n vuorovaikutustilanteissa.<\/em><\/p>\n<p><strong><em>6. Onko minulla tietoa ja taitoa arvioida asiakkaan kulttuurisia tarpeita?<\/em><\/strong><\/p>\n<p><em>Asiakkaan kulttuuristen tarpeiden arviointi edellytt\u00e4\u00e4 kyky\u00e4 n\u00e4hd\u00e4 ja arvioida asiakkaan kulttuurissa olevia asioita, jotka vaikuttavat asiakkaan esitt\u00e4m\u00e4\u00e4n ongelmaan ja kyky\u00e4 huomioida asiakkaan kulttuuritausta kaikessa\u00a0 toiminnassa. Kulttuuristen tarpeiden arviointitaito on t\u00e4rke\u00e4\u00e4 k\u00e4yt\u00e4nn\u00f6n hoitoty\u00f6ss\u00e4!<\/em><\/p>\n<p><strong><em>7. Onko minulla riitt\u00e4v\u00e4 kielitaito?<\/em><\/strong><\/p>\n<p><em>Kielitaito ja kulttuuri; maan tuntemus ja maan tapojen tuntemus, ovat aina liittyneet yhteen. Kielitaito mahdollistaa maan kulttuurin yh\u00e4 syvemm\u00e4n tuntemisen ja monipuolisen vuorovaikutuksen ihmisten v\u00e4lill\u00e4. Hoitoty\u00f6 on vuorovaikutusta, joten kielitaidon hankkimiseen kannattaa\u00a0 panostaa.<\/em><\/p>\n<p>&nbsp;<\/p>\n","protected":false},"excerpt":{"rendered":"<p>Omaa kansainv\u00e4lisyysosaamistaan voi tarkastella esim. seuraavien kysymysten avulla. Kysymykset on laadittu Josepha Campinha-Bacotea mukaellen. Kysymysten tarkoituksena on auttaa tiedostamaan omia vahvuuksia ja kehitt\u00e4mist\u00e4 vaativia asioita. 1. Tied\u00e4nk\u00f6, mit\u00e4 kansainv\u00e4lisyysosaamisella tarkoitetaan? Kansainv\u00e4lisyys on tuttu sana ja meill\u00e4 useimmilla on varmasti jonkinlainen k\u00e4sitys siit\u00e4, mit\u00e4 sana tarkoittaa. Se, mit\u00e4 kansainv\u00e4lisyysosaamisella tarkoitetaan, ei kuitenkaan ole yht\u00e4 tuttua. Katso, [&hellip;]<\/p>\n","protected":false},"author":1,"featured_media":0,"parent":0,"menu_order":5,"comment_status":"closed","ping_status":"closed","template":"","meta":{"footnotes":""},"class_list":["post-20","page","type-page","status-publish","hentry"],"yoast_head":"<!-- This site is optimized with the Yoast SEO plugin v27.3 - https:\/\/yoast.com\/product\/yoast-seo-wordpress\/ -->\n<title>Kv-osaamista kartoittava testi - Hoitoty\u00f6n opiskelijan KV-polku<\/title>\n<meta name=\"robots\" content=\"index, follow, max-snippet:-1, max-image-preview:large, max-video-preview:-1\" \/>\n<link rel=\"canonical\" href=\"https:\/\/teve-kvpolku.samk.fi\/?page_id=20\" \/>\n<meta property=\"og:locale\" content=\"fi_FI\" \/>\n<meta property=\"og:type\" content=\"article\" \/>\n<meta property=\"og:title\" content=\"Kv-osaamista kartoittava testi - Hoitoty\u00f6n opiskelijan KV-polku\" \/>\n<meta property=\"og:description\" content=\"Omaa kansainv\u00e4lisyysosaamistaan voi tarkastella esim. seuraavien kysymysten avulla. Kysymykset on laadittu Josepha Campinha-Bacotea mukaellen. Kysymysten tarkoituksena on auttaa tiedostamaan omia vahvuuksia ja kehitt\u00e4mist\u00e4 vaativia asioita. 1. Tied\u00e4nk\u00f6, mit\u00e4 kansainv\u00e4lisyysosaamisella tarkoitetaan? Kansainv\u00e4lisyys on tuttu sana ja meill\u00e4 useimmilla on varmasti jonkinlainen k\u00e4sitys siit\u00e4, mit\u00e4 sana tarkoittaa. Se, mit\u00e4 kansainv\u00e4lisyysosaamisella tarkoitetaan, ei kuitenkaan ole yht\u00e4 tuttua. Katso, [&hellip;]\" \/>\n<meta property=\"og:url\" content=\"https:\/\/teve-kvpolku.samk.fi\/?page_id=20\" \/>\n<meta property=\"og:site_name\" content=\"Hoitoty\u00f6n opiskelijan KV-polku\" \/>\n<meta property=\"article:modified_time\" content=\"2017-08-28T10:22:17+00:00\" \/>\n<meta name=\"twitter:label1\" content=\"Arvioitu lukuaika\" \/>\n\t<meta name=\"twitter:data1\" content=\"2 minuuttia\" \/>\n<script type=\"application\/ld+json\" class=\"yoast-schema-graph\">{\"@context\":\"https:\\\/\\\/schema.org\",\"@graph\":[{\"@type\":\"WebPage\",\"@id\":\"https:\\\/\\\/teve-kvpolku.samk.fi\\\/?page_id=20\",\"url\":\"https:\\\/\\\/teve-kvpolku.samk.fi\\\/?page_id=20\",\"name\":\"Kv-osaamista kartoittava testi - Hoitoty\u00f6n opiskelijan KV-polku\",\"isPartOf\":{\"@id\":\"https:\\\/\\\/teve-kvpolku.samk.fi\\\/#website\"},\"datePublished\":\"2014-11-18T08:41:52+00:00\",\"dateModified\":\"2017-08-28T10:22:17+00:00\",\"breadcrumb\":{\"@id\":\"https:\\\/\\\/teve-kvpolku.samk.fi\\\/?page_id=20#breadcrumb\"},\"inLanguage\":\"fi\",\"potentialAction\":[{\"@type\":\"ReadAction\",\"target\":[\"https:\\\/\\\/teve-kvpolku.samk.fi\\\/?page_id=20\"]}]},{\"@type\":\"BreadcrumbList\",\"@id\":\"https:\\\/\\\/teve-kvpolku.samk.fi\\\/?page_id=20#breadcrumb\",\"itemListElement\":[{\"@type\":\"ListItem\",\"position\":1,\"name\":\"Home\",\"item\":\"https:\\\/\\\/teve-kvpolku.samk.fi\\\/\"},{\"@type\":\"ListItem\",\"position\":2,\"name\":\"Kv-osaamista kartoittava testi\"}]},{\"@type\":\"WebSite\",\"@id\":\"https:\\\/\\\/teve-kvpolku.samk.fi\\\/#website\",\"url\":\"https:\\\/\\\/teve-kvpolku.samk.fi\\\/\",\"name\":\"Hoitoty\u00f6n opiskelijan KV-polku\",\"description\":\"Apu kansainv\u00e4lisyysosaamisen rakentamiseen hoitoty\u00f6n opiskelijalle\",\"potentialAction\":[{\"@type\":\"SearchAction\",\"target\":{\"@type\":\"EntryPoint\",\"urlTemplate\":\"https:\\\/\\\/teve-kvpolku.samk.fi\\\/?s={search_term_string}\"},\"query-input\":{\"@type\":\"PropertyValueSpecification\",\"valueRequired\":true,\"valueName\":\"search_term_string\"}}],\"inLanguage\":\"fi\"}]}<\/script>\n<!-- \/ Yoast SEO plugin. -->","yoast_head_json":{"title":"Kv-osaamista kartoittava testi - Hoitoty\u00f6n opiskelijan KV-polku","robots":{"index":"index","follow":"follow","max-snippet":"max-snippet:-1","max-image-preview":"max-image-preview:large","max-video-preview":"max-video-preview:-1"},"canonical":"https:\/\/teve-kvpolku.samk.fi\/?page_id=20","og_locale":"fi_FI","og_type":"article","og_title":"Kv-osaamista kartoittava testi - Hoitoty\u00f6n opiskelijan KV-polku","og_description":"Omaa kansainv\u00e4lisyysosaamistaan voi tarkastella esim. seuraavien kysymysten avulla. Kysymykset on laadittu Josepha Campinha-Bacotea mukaellen. Kysymysten tarkoituksena on auttaa tiedostamaan omia vahvuuksia ja kehitt\u00e4mist\u00e4 vaativia asioita. 1. Tied\u00e4nk\u00f6, mit\u00e4 kansainv\u00e4lisyysosaamisella tarkoitetaan? Kansainv\u00e4lisyys on tuttu sana ja meill\u00e4 useimmilla on varmasti jonkinlainen k\u00e4sitys siit\u00e4, mit\u00e4 sana tarkoittaa. Se, mit\u00e4 kansainv\u00e4lisyysosaamisella tarkoitetaan, ei kuitenkaan ole yht\u00e4 tuttua. Katso, [&hellip;]","og_url":"https:\/\/teve-kvpolku.samk.fi\/?page_id=20","og_site_name":"Hoitoty\u00f6n opiskelijan KV-polku","article_modified_time":"2017-08-28T10:22:17+00:00","twitter_misc":{"Arvioitu lukuaika":"2 minuuttia"},"schema":{"@context":"https:\/\/schema.org","@graph":[{"@type":"WebPage","@id":"https:\/\/teve-kvpolku.samk.fi\/?page_id=20","url":"https:\/\/teve-kvpolku.samk.fi\/?page_id=20","name":"Kv-osaamista kartoittava testi - Hoitoty\u00f6n opiskelijan KV-polku","isPartOf":{"@id":"https:\/\/teve-kvpolku.samk.fi\/#website"},"datePublished":"2014-11-18T08:41:52+00:00","dateModified":"2017-08-28T10:22:17+00:00","breadcrumb":{"@id":"https:\/\/teve-kvpolku.samk.fi\/?page_id=20#breadcrumb"},"inLanguage":"fi","potentialAction":[{"@type":"ReadAction","target":["https:\/\/teve-kvpolku.samk.fi\/?page_id=20"]}]},{"@type":"BreadcrumbList","@id":"https:\/\/teve-kvpolku.samk.fi\/?page_id=20#breadcrumb","itemListElement":[{"@type":"ListItem","position":1,"name":"Home","item":"https:\/\/teve-kvpolku.samk.fi\/"},{"@type":"ListItem","position":2,"name":"Kv-osaamista kartoittava testi"}]},{"@type":"WebSite","@id":"https:\/\/teve-kvpolku.samk.fi\/#website","url":"https:\/\/teve-kvpolku.samk.fi\/","name":"Hoitoty\u00f6n opiskelijan KV-polku","description":"Apu kansainv\u00e4lisyysosaamisen rakentamiseen hoitoty\u00f6n opiskelijalle","potentialAction":[{"@type":"SearchAction","target":{"@type":"EntryPoint","urlTemplate":"https:\/\/teve-kvpolku.samk.fi\/?s={search_term_string}"},"query-input":{"@type":"PropertyValueSpecification","valueRequired":true,"valueName":"search_term_string"}}],"inLanguage":"fi"}]}},"_links":{"self":[{"href":"https:\/\/teve-kvpolku.samk.fi\/index.php?rest_route=\/wp\/v2\/pages\/20","targetHints":{"allow":["GET"]}}],"collection":[{"href":"https:\/\/teve-kvpolku.samk.fi\/index.php?rest_route=\/wp\/v2\/pages"}],"about":[{"href":"https:\/\/teve-kvpolku.samk.fi\/index.php?rest_route=\/wp\/v2\/types\/page"}],"author":[{"embeddable":true,"href":"https:\/\/teve-kvpolku.samk.fi\/index.php?rest_route=\/wp\/v2\/users\/1"}],"replies":[{"embeddable":true,"href":"https:\/\/teve-kvpolku.samk.fi\/index.php?rest_route=%2Fwp%2Fv2%2Fcomments&post=20"}],"version-history":[{"count":17,"href":"https:\/\/teve-kvpolku.samk.fi\/index.php?rest_route=\/wp\/v2\/pages\/20\/revisions"}],"predecessor-version":[{"id":502,"href":"https:\/\/teve-kvpolku.samk.fi\/index.php?rest_route=\/wp\/v2\/pages\/20\/revisions\/502"}],"wp:attachment":[{"href":"https:\/\/teve-kvpolku.samk.fi\/index.php?rest_route=%2Fwp%2Fv2%2Fmedia&parent=20"}],"curies":[{"name":"wp","href":"https:\/\/api.w.org\/{rel}","templated":true}]}}