{"id":155,"date":"2015-01-16T13:36:40","date_gmt":"2015-01-16T11:36:40","guid":{"rendered":"http:\/\/teve-kvpolku.samk.fi\/?page_id=155"},"modified":"2017-09-26T08:43:11","modified_gmt":"2017-09-26T05:43:11","slug":"vaihtoon-lahto","status":"publish","type":"page","link":"https:\/\/teve-kvpolku.samk.fi\/?page_id=155","title":{"rendered":"Vaihtoon l\u00e4ht\u00f6 \u2502 Leaving for exchange"},"content":{"rendered":"<p>Muistamisen helpottamiseksi on laadittu lomake\u00a0 &#8221;<a href=\"https:\/\/teve-kvpolku.samk.fi\/wp-content\/uploads\/2015\/01\/Check_list_in_Englis_and_Finnish.pdf\" rel=\"\">Check_list_in_englis_and_finnish&#8221;<\/a> , jossa on luettelo asiakirjoista, lomakkeista ja toimenpiteist\u00e4, joista opiskelijan tulee huolehtia ennen vaihtoon l\u00e4ht\u00f6\u00e4, vaihdon aikana ja sen j\u00e4lkeen.<\/p>\n<p>Teoriaopinnot ja harjoittelu suoritetaan vaihtomaan ohjeiden mukaan. Opiskelijan tulee ottaa mukaansa SAMKin harjoittelun arviointilomake,\u00a0<a href=\"https:\/\/teve-kvpolku.samk.fi\/wp-content\/uploads\/2015\/01\/Evaluation-form.doc\">Evaluation form<\/a> ja ty\u00f6vuorotaulukko, <a href=\"https:\/\/teve-kvpolku.samk.fi\/wp-content\/uploads\/2015\/01\/Copy-of-Work-sheet-Pori.xls\">Copy of Work sheet Pori<\/a> ja k\u00e4ytt\u00e4\u00e4 niit\u00e4, mik\u00e4li vaihtomaassa ei ole k\u00e4yt\u00f6ss\u00e4 englanninkielisi\u00e4 lomakkeita.<\/p>\n<p>Opiskelija saa vaihdossa suoritetuista opinnoista todistuksen\/opintorekisteriotteen, jonka perusteella opinnot luetaan hyv\u00e4ksi SAMKissa suoritettavaan tutkintoon. Usein todistuksen l\u00e4hett\u00e4minen viiv\u00e4styy, mink\u00e4 vuoksi on t\u00e4rke\u00e4\u00e4, ett\u00e4 opiskelijalla on palatessaan mukanaan dokumentit suoritetusta harjoittelusta. Opinnot voidaan lukea hyv\u00e4ksi my\u00f6s sairaanhoitajan tai opettajan allekirjoittamien lomakkeiden perusteella (arviointilomake ja ty\u00f6vuorotaulukko).<\/p>\n<p>&nbsp;<\/p>\n","protected":false},"excerpt":{"rendered":"<p>Muistamisen helpottamiseksi on laadittu lomake\u00a0 &#8221;Check_list_in_englis_and_finnish&#8221; , jossa on luettelo asiakirjoista, lomakkeista ja toimenpiteist\u00e4, joista opiskelijan tulee huolehtia ennen vaihtoon l\u00e4ht\u00f6\u00e4, vaihdon aikana ja sen j\u00e4lkeen. Teoriaopinnot ja harjoittelu suoritetaan vaihtomaan ohjeiden mukaan. Opiskelijan tulee ottaa mukaansa SAMKin harjoittelun arviointilomake,\u00a0Evaluation form ja ty\u00f6vuorotaulukko, Copy of Work sheet Pori ja k\u00e4ytt\u00e4\u00e4 niit\u00e4, mik\u00e4li vaihtomaassa ei ole [&hellip;]<\/p>\n","protected":false},"author":1,"featured_media":0,"parent":53,"menu_order":10,"comment_status":"open","ping_status":"open","template":"","meta":{"footnotes":""},"class_list":["post-155","page","type-page","status-publish","hentry"],"yoast_head":"<!-- This site is optimized with the Yoast SEO plugin v27.3 - https:\/\/yoast.com\/product\/yoast-seo-wordpress\/ -->\n<title>Vaihtoon l\u00e4ht\u00f6 \u2502 Leaving for exchange - Hoitoty\u00f6n opiskelijan KV-polku<\/title>\n<meta name=\"robots\" content=\"index, follow, max-snippet:-1, max-image-preview:large, max-video-preview:-1\" \/>\n<link rel=\"canonical\" href=\"https:\/\/teve-kvpolku.samk.fi\/?page_id=155\" \/>\n<meta property=\"og:locale\" content=\"fi_FI\" \/>\n<meta property=\"og:type\" content=\"article\" \/>\n<meta property=\"og:title\" content=\"Vaihtoon l\u00e4ht\u00f6 \u2502 Leaving for exchange - Hoitoty\u00f6n opiskelijan KV-polku\" \/>\n<meta property=\"og:description\" content=\"Muistamisen helpottamiseksi on laadittu lomake\u00a0 &#8221;Check_list_in_englis_and_finnish&#8221; , jossa on luettelo asiakirjoista, lomakkeista ja toimenpiteist\u00e4, joista opiskelijan tulee huolehtia ennen vaihtoon l\u00e4ht\u00f6\u00e4, vaihdon aikana ja sen j\u00e4lkeen. Teoriaopinnot ja harjoittelu suoritetaan vaihtomaan ohjeiden mukaan. Opiskelijan tulee ottaa mukaansa SAMKin harjoittelun arviointilomake,\u00a0Evaluation form ja ty\u00f6vuorotaulukko, Copy of Work sheet Pori ja k\u00e4ytt\u00e4\u00e4 niit\u00e4, mik\u00e4li vaihtomaassa ei ole [&hellip;]\" \/>\n<meta property=\"og:url\" content=\"https:\/\/teve-kvpolku.samk.fi\/?page_id=155\" \/>\n<meta property=\"og:site_name\" content=\"Hoitoty\u00f6n opiskelijan KV-polku\" \/>\n<meta property=\"article:modified_time\" content=\"2017-09-26T05:43:11+00:00\" \/>\n<meta name=\"twitter:label1\" content=\"Arvioitu lukuaika\" \/>\n\t<meta name=\"twitter:data1\" content=\"1 minuutti\" \/>\n<script type=\"application\/ld+json\" class=\"yoast-schema-graph\">{\"@context\":\"https:\\\/\\\/schema.org\",\"@graph\":[{\"@type\":\"WebPage\",\"@id\":\"https:\\\/\\\/teve-kvpolku.samk.fi\\\/?page_id=155\",\"url\":\"https:\\\/\\\/teve-kvpolku.samk.fi\\\/?page_id=155\",\"name\":\"Vaihtoon l\u00e4ht\u00f6 \u2502 Leaving for exchange - Hoitoty\u00f6n opiskelijan KV-polku\",\"isPartOf\":{\"@id\":\"https:\\\/\\\/teve-kvpolku.samk.fi\\\/#website\"},\"datePublished\":\"2015-01-16T11:36:40+00:00\",\"dateModified\":\"2017-09-26T05:43:11+00:00\",\"breadcrumb\":{\"@id\":\"https:\\\/\\\/teve-kvpolku.samk.fi\\\/?page_id=155#breadcrumb\"},\"inLanguage\":\"fi\",\"potentialAction\":[{\"@type\":\"ReadAction\",\"target\":[\"https:\\\/\\\/teve-kvpolku.samk.fi\\\/?page_id=155\"]}]},{\"@type\":\"BreadcrumbList\",\"@id\":\"https:\\\/\\\/teve-kvpolku.samk.fi\\\/?page_id=155#breadcrumb\",\"itemListElement\":[{\"@type\":\"ListItem\",\"position\":1,\"name\":\"Home\",\"item\":\"https:\\\/\\\/teve-kvpolku.samk.fi\\\/\"},{\"@type\":\"ListItem\",\"position\":2,\"name\":\"Vaihto-opiskelu \u2502Exchange\",\"item\":\"https:\\\/\\\/teve-kvpolku.samk.fi\\\/?page_id=39\"},{\"@type\":\"ListItem\",\"position\":3,\"name\":\"Ohjeet vaihtoon l\u00e4htij\u00e4lle \u2502 Excellent opportunities for studying abroad\",\"item\":\"https:\\\/\\\/teve-kvpolku.samk.fi\\\/?page_id=53\"},{\"@type\":\"ListItem\",\"position\":4,\"name\":\"Vaihtoon l\u00e4ht\u00f6 \u2502 Leaving for exchange\"}]},{\"@type\":\"WebSite\",\"@id\":\"https:\\\/\\\/teve-kvpolku.samk.fi\\\/#website\",\"url\":\"https:\\\/\\\/teve-kvpolku.samk.fi\\\/\",\"name\":\"Hoitoty\u00f6n opiskelijan KV-polku\",\"description\":\"Apu kansainv\u00e4lisyysosaamisen rakentamiseen hoitoty\u00f6n opiskelijalle\",\"potentialAction\":[{\"@type\":\"SearchAction\",\"target\":{\"@type\":\"EntryPoint\",\"urlTemplate\":\"https:\\\/\\\/teve-kvpolku.samk.fi\\\/?s={search_term_string}\"},\"query-input\":{\"@type\":\"PropertyValueSpecification\",\"valueRequired\":true,\"valueName\":\"search_term_string\"}}],\"inLanguage\":\"fi\"}]}<\/script>\n<!-- \/ Yoast SEO plugin. -->","yoast_head_json":{"title":"Vaihtoon l\u00e4ht\u00f6 \u2502 Leaving for exchange - Hoitoty\u00f6n opiskelijan KV-polku","robots":{"index":"index","follow":"follow","max-snippet":"max-snippet:-1","max-image-preview":"max-image-preview:large","max-video-preview":"max-video-preview:-1"},"canonical":"https:\/\/teve-kvpolku.samk.fi\/?page_id=155","og_locale":"fi_FI","og_type":"article","og_title":"Vaihtoon l\u00e4ht\u00f6 \u2502 Leaving for exchange - Hoitoty\u00f6n opiskelijan KV-polku","og_description":"Muistamisen helpottamiseksi on laadittu lomake\u00a0 &#8221;Check_list_in_englis_and_finnish&#8221; , jossa on luettelo asiakirjoista, lomakkeista ja toimenpiteist\u00e4, joista opiskelijan tulee huolehtia ennen vaihtoon l\u00e4ht\u00f6\u00e4, vaihdon aikana ja sen j\u00e4lkeen. Teoriaopinnot ja harjoittelu suoritetaan vaihtomaan ohjeiden mukaan. Opiskelijan tulee ottaa mukaansa SAMKin harjoittelun arviointilomake,\u00a0Evaluation form ja ty\u00f6vuorotaulukko, Copy of Work sheet Pori ja k\u00e4ytt\u00e4\u00e4 niit\u00e4, mik\u00e4li vaihtomaassa ei ole [&hellip;]","og_url":"https:\/\/teve-kvpolku.samk.fi\/?page_id=155","og_site_name":"Hoitoty\u00f6n opiskelijan KV-polku","article_modified_time":"2017-09-26T05:43:11+00:00","twitter_misc":{"Arvioitu lukuaika":"1 minuutti"},"schema":{"@context":"https:\/\/schema.org","@graph":[{"@type":"WebPage","@id":"https:\/\/teve-kvpolku.samk.fi\/?page_id=155","url":"https:\/\/teve-kvpolku.samk.fi\/?page_id=155","name":"Vaihtoon l\u00e4ht\u00f6 \u2502 Leaving for exchange - Hoitoty\u00f6n opiskelijan KV-polku","isPartOf":{"@id":"https:\/\/teve-kvpolku.samk.fi\/#website"},"datePublished":"2015-01-16T11:36:40+00:00","dateModified":"2017-09-26T05:43:11+00:00","breadcrumb":{"@id":"https:\/\/teve-kvpolku.samk.fi\/?page_id=155#breadcrumb"},"inLanguage":"fi","potentialAction":[{"@type":"ReadAction","target":["https:\/\/teve-kvpolku.samk.fi\/?page_id=155"]}]},{"@type":"BreadcrumbList","@id":"https:\/\/teve-kvpolku.samk.fi\/?page_id=155#breadcrumb","itemListElement":[{"@type":"ListItem","position":1,"name":"Home","item":"https:\/\/teve-kvpolku.samk.fi\/"},{"@type":"ListItem","position":2,"name":"Vaihto-opiskelu \u2502Exchange","item":"https:\/\/teve-kvpolku.samk.fi\/?page_id=39"},{"@type":"ListItem","position":3,"name":"Ohjeet vaihtoon l\u00e4htij\u00e4lle \u2502 Excellent opportunities for studying abroad","item":"https:\/\/teve-kvpolku.samk.fi\/?page_id=53"},{"@type":"ListItem","position":4,"name":"Vaihtoon l\u00e4ht\u00f6 \u2502 Leaving for exchange"}]},{"@type":"WebSite","@id":"https:\/\/teve-kvpolku.samk.fi\/#website","url":"https:\/\/teve-kvpolku.samk.fi\/","name":"Hoitoty\u00f6n opiskelijan KV-polku","description":"Apu kansainv\u00e4lisyysosaamisen rakentamiseen hoitoty\u00f6n opiskelijalle","potentialAction":[{"@type":"SearchAction","target":{"@type":"EntryPoint","urlTemplate":"https:\/\/teve-kvpolku.samk.fi\/?s={search_term_string}"},"query-input":{"@type":"PropertyValueSpecification","valueRequired":true,"valueName":"search_term_string"}}],"inLanguage":"fi"}]}},"_links":{"self":[{"href":"https:\/\/teve-kvpolku.samk.fi\/index.php?rest_route=\/wp\/v2\/pages\/155","targetHints":{"allow":["GET"]}}],"collection":[{"href":"https:\/\/teve-kvpolku.samk.fi\/index.php?rest_route=\/wp\/v2\/pages"}],"about":[{"href":"https:\/\/teve-kvpolku.samk.fi\/index.php?rest_route=\/wp\/v2\/types\/page"}],"author":[{"embeddable":true,"href":"https:\/\/teve-kvpolku.samk.fi\/index.php?rest_route=\/wp\/v2\/users\/1"}],"replies":[{"embeddable":true,"href":"https:\/\/teve-kvpolku.samk.fi\/index.php?rest_route=%2Fwp%2Fv2%2Fcomments&post=155"}],"version-history":[{"count":11,"href":"https:\/\/teve-kvpolku.samk.fi\/index.php?rest_route=\/wp\/v2\/pages\/155\/revisions"}],"predecessor-version":[{"id":558,"href":"https:\/\/teve-kvpolku.samk.fi\/index.php?rest_route=\/wp\/v2\/pages\/155\/revisions\/558"}],"up":[{"embeddable":true,"href":"https:\/\/teve-kvpolku.samk.fi\/index.php?rest_route=\/wp\/v2\/pages\/53"}],"wp:attachment":[{"href":"https:\/\/teve-kvpolku.samk.fi\/index.php?rest_route=%2Fwp%2Fv2%2Fmedia&parent=155"}],"curies":[{"name":"wp","href":"https:\/\/api.w.org\/{rel}","templated":true}]}}