{"id":126,"date":"2015-01-16T12:53:36","date_gmt":"2015-01-16T10:53:36","guid":{"rendered":"http:\/\/teve-kvpolku.samk.fi\/?page_id=126"},"modified":"2017-09-26T08:35:55","modified_gmt":"2017-09-26T05:35:55","slug":"euroopan-partnerikorkeakoulut","status":"publish","type":"page","link":"https:\/\/teve-kvpolku.samk.fi\/?page_id=126","title":{"rendered":"Partnerikorkeakoulut \u2502 Partner institutions in Euroope"},"content":{"rendered":"<p>SAMKin partnerikorkeakoulut Euroopan kartalla<\/p>\n<ul>\n<li><a href=\"https:\/\/teve-kvpolku.samk.fi\/wp-content\/uploads\/2015\/01\/Partnerkikorkeakoulut-2016.pdf\" rel=\"\">Partnerkikorkeakoulut Keski- ja Etel\u00e4-Euroopassa<\/a><\/li>\n<li><a href=\"https:\/\/teve-kvpolku.samk.fi\/wp-content\/uploads\/2015\/01\/Partnerit-Pohjois-Eurooppa-ja-Baltia.pdf\">Partnerit Pohjois-Euroopassa ja Baltiassa (pdf)<\/a><a href=\"https:\/\/teve-kvpolku.samk.fi\/wp-content\/uploads\/2015\/01\/OPISKELUMAHDOLLISUUDET-PARTNERIKOULUISSA.xlsx\" rel=\"\">\u00a0<\/a><\/li>\n<\/ul>\n<p><a href=\"https:\/\/teve-kvpolku.samk.fi\/wp-content\/uploads\/2015\/01\/OPISKELUMAHDOLLISUUDET-PARTNERIKOULUISSA-1.xlsx\" rel=\"\">Opiskelumahdollisuudet Euroopan partnerikouluissa<\/a><\/p>\n<p>Jos haluaisit vaihtoon Euroopan ulkopuolelle, esim. USA tai Afrikka, ota yhteys Viveka H\u00f6ijer-Breariin, <a href=\"mailto:viveka.hoijer-brear@samk.fi\">viveka.hoijer-brear@samk.fi<\/a>. USA:ssa suoritetaan vain teoriaopintoja, harjoittelujaksojen suorittaminen ei ole siell\u00e4 mahdollista.<\/p>\n","protected":false},"excerpt":{"rendered":"<p>SAMKin partnerikorkeakoulut Euroopan kartalla Partnerkikorkeakoulut Keski- ja Etel\u00e4-Euroopassa Partnerit Pohjois-Euroopassa ja Baltiassa (pdf)\u00a0 Opiskelumahdollisuudet Euroopan partnerikouluissa Jos haluaisit vaihtoon Euroopan ulkopuolelle, esim. USA tai Afrikka, ota yhteys Viveka H\u00f6ijer-Breariin, viveka.hoijer-brear@samk.fi. USA:ssa suoritetaan vain teoriaopintoja, harjoittelujaksojen suorittaminen ei ole siell\u00e4 mahdollista.<\/p>\n","protected":false},"author":1,"featured_media":0,"parent":0,"menu_order":6,"comment_status":"open","ping_status":"open","template":"","meta":{"footnotes":""},"class_list":["post-126","page","type-page","status-publish","hentry"],"yoast_head":"<!-- This site is optimized with the Yoast SEO plugin v27.3 - https:\/\/yoast.com\/product\/yoast-seo-wordpress\/ -->\n<title>Partnerikorkeakoulut \u2502 Partner institutions in Euroope - Hoitoty\u00f6n opiskelijan KV-polku<\/title>\n<meta name=\"robots\" content=\"index, follow, max-snippet:-1, max-image-preview:large, max-video-preview:-1\" \/>\n<link rel=\"canonical\" href=\"https:\/\/teve-kvpolku.samk.fi\/?page_id=126\" \/>\n<meta property=\"og:locale\" content=\"fi_FI\" \/>\n<meta property=\"og:type\" content=\"article\" \/>\n<meta property=\"og:title\" content=\"Partnerikorkeakoulut \u2502 Partner institutions in Euroope - Hoitoty\u00f6n opiskelijan KV-polku\" \/>\n<meta property=\"og:description\" content=\"SAMKin partnerikorkeakoulut Euroopan kartalla Partnerkikorkeakoulut Keski- ja Etel\u00e4-Euroopassa Partnerit Pohjois-Euroopassa ja Baltiassa (pdf)\u00a0 Opiskelumahdollisuudet Euroopan partnerikouluissa Jos haluaisit vaihtoon Euroopan ulkopuolelle, esim. USA tai Afrikka, ota yhteys Viveka H\u00f6ijer-Breariin, viveka.hoijer-brear@samk.fi. USA:ssa suoritetaan vain teoriaopintoja, harjoittelujaksojen suorittaminen ei ole siell\u00e4 mahdollista.\" \/>\n<meta property=\"og:url\" content=\"https:\/\/teve-kvpolku.samk.fi\/?page_id=126\" \/>\n<meta property=\"og:site_name\" content=\"Hoitoty\u00f6n opiskelijan KV-polku\" \/>\n<meta property=\"article:modified_time\" content=\"2017-09-26T05:35:55+00:00\" \/>\n<script type=\"application\/ld+json\" class=\"yoast-schema-graph\">{\"@context\":\"https:\\\/\\\/schema.org\",\"@graph\":[{\"@type\":\"WebPage\",\"@id\":\"https:\\\/\\\/teve-kvpolku.samk.fi\\\/?page_id=126\",\"url\":\"https:\\\/\\\/teve-kvpolku.samk.fi\\\/?page_id=126\",\"name\":\"Partnerikorkeakoulut \u2502 Partner institutions in Euroope - Hoitoty\u00f6n opiskelijan KV-polku\",\"isPartOf\":{\"@id\":\"https:\\\/\\\/teve-kvpolku.samk.fi\\\/#website\"},\"datePublished\":\"2015-01-16T10:53:36+00:00\",\"dateModified\":\"2017-09-26T05:35:55+00:00\",\"breadcrumb\":{\"@id\":\"https:\\\/\\\/teve-kvpolku.samk.fi\\\/?page_id=126#breadcrumb\"},\"inLanguage\":\"fi\",\"potentialAction\":[{\"@type\":\"ReadAction\",\"target\":[\"https:\\\/\\\/teve-kvpolku.samk.fi\\\/?page_id=126\"]}]},{\"@type\":\"BreadcrumbList\",\"@id\":\"https:\\\/\\\/teve-kvpolku.samk.fi\\\/?page_id=126#breadcrumb\",\"itemListElement\":[{\"@type\":\"ListItem\",\"position\":1,\"name\":\"Home\",\"item\":\"https:\\\/\\\/teve-kvpolku.samk.fi\\\/\"},{\"@type\":\"ListItem\",\"position\":2,\"name\":\"Partnerikorkeakoulut \u2502 Partner institutions in Euroope\"}]},{\"@type\":\"WebSite\",\"@id\":\"https:\\\/\\\/teve-kvpolku.samk.fi\\\/#website\",\"url\":\"https:\\\/\\\/teve-kvpolku.samk.fi\\\/\",\"name\":\"Hoitoty\u00f6n opiskelijan KV-polku\",\"description\":\"Apu kansainv\u00e4lisyysosaamisen rakentamiseen hoitoty\u00f6n opiskelijalle\",\"potentialAction\":[{\"@type\":\"SearchAction\",\"target\":{\"@type\":\"EntryPoint\",\"urlTemplate\":\"https:\\\/\\\/teve-kvpolku.samk.fi\\\/?s={search_term_string}\"},\"query-input\":{\"@type\":\"PropertyValueSpecification\",\"valueRequired\":true,\"valueName\":\"search_term_string\"}}],\"inLanguage\":\"fi\"}]}<\/script>\n<!-- \/ Yoast SEO plugin. -->","yoast_head_json":{"title":"Partnerikorkeakoulut \u2502 Partner institutions in Euroope - Hoitoty\u00f6n opiskelijan KV-polku","robots":{"index":"index","follow":"follow","max-snippet":"max-snippet:-1","max-image-preview":"max-image-preview:large","max-video-preview":"max-video-preview:-1"},"canonical":"https:\/\/teve-kvpolku.samk.fi\/?page_id=126","og_locale":"fi_FI","og_type":"article","og_title":"Partnerikorkeakoulut \u2502 Partner institutions in Euroope - Hoitoty\u00f6n opiskelijan KV-polku","og_description":"SAMKin partnerikorkeakoulut Euroopan kartalla Partnerkikorkeakoulut Keski- ja Etel\u00e4-Euroopassa Partnerit Pohjois-Euroopassa ja Baltiassa (pdf)\u00a0 Opiskelumahdollisuudet Euroopan partnerikouluissa Jos haluaisit vaihtoon Euroopan ulkopuolelle, esim. USA tai Afrikka, ota yhteys Viveka H\u00f6ijer-Breariin, viveka.hoijer-brear@samk.fi. USA:ssa suoritetaan vain teoriaopintoja, harjoittelujaksojen suorittaminen ei ole siell\u00e4 mahdollista.","og_url":"https:\/\/teve-kvpolku.samk.fi\/?page_id=126","og_site_name":"Hoitoty\u00f6n opiskelijan KV-polku","article_modified_time":"2017-09-26T05:35:55+00:00","schema":{"@context":"https:\/\/schema.org","@graph":[{"@type":"WebPage","@id":"https:\/\/teve-kvpolku.samk.fi\/?page_id=126","url":"https:\/\/teve-kvpolku.samk.fi\/?page_id=126","name":"Partnerikorkeakoulut \u2502 Partner institutions in Euroope - Hoitoty\u00f6n opiskelijan KV-polku","isPartOf":{"@id":"https:\/\/teve-kvpolku.samk.fi\/#website"},"datePublished":"2015-01-16T10:53:36+00:00","dateModified":"2017-09-26T05:35:55+00:00","breadcrumb":{"@id":"https:\/\/teve-kvpolku.samk.fi\/?page_id=126#breadcrumb"},"inLanguage":"fi","potentialAction":[{"@type":"ReadAction","target":["https:\/\/teve-kvpolku.samk.fi\/?page_id=126"]}]},{"@type":"BreadcrumbList","@id":"https:\/\/teve-kvpolku.samk.fi\/?page_id=126#breadcrumb","itemListElement":[{"@type":"ListItem","position":1,"name":"Home","item":"https:\/\/teve-kvpolku.samk.fi\/"},{"@type":"ListItem","position":2,"name":"Partnerikorkeakoulut \u2502 Partner institutions in Euroope"}]},{"@type":"WebSite","@id":"https:\/\/teve-kvpolku.samk.fi\/#website","url":"https:\/\/teve-kvpolku.samk.fi\/","name":"Hoitoty\u00f6n opiskelijan KV-polku","description":"Apu kansainv\u00e4lisyysosaamisen rakentamiseen hoitoty\u00f6n opiskelijalle","potentialAction":[{"@type":"SearchAction","target":{"@type":"EntryPoint","urlTemplate":"https:\/\/teve-kvpolku.samk.fi\/?s={search_term_string}"},"query-input":{"@type":"PropertyValueSpecification","valueRequired":true,"valueName":"search_term_string"}}],"inLanguage":"fi"}]}},"_links":{"self":[{"href":"https:\/\/teve-kvpolku.samk.fi\/index.php?rest_route=\/wp\/v2\/pages\/126","targetHints":{"allow":["GET"]}}],"collection":[{"href":"https:\/\/teve-kvpolku.samk.fi\/index.php?rest_route=\/wp\/v2\/pages"}],"about":[{"href":"https:\/\/teve-kvpolku.samk.fi\/index.php?rest_route=\/wp\/v2\/types\/page"}],"author":[{"embeddable":true,"href":"https:\/\/teve-kvpolku.samk.fi\/index.php?rest_route=\/wp\/v2\/users\/1"}],"replies":[{"embeddable":true,"href":"https:\/\/teve-kvpolku.samk.fi\/index.php?rest_route=%2Fwp%2Fv2%2Fcomments&post=126"}],"version-history":[{"count":15,"href":"https:\/\/teve-kvpolku.samk.fi\/index.php?rest_route=\/wp\/v2\/pages\/126\/revisions"}],"predecessor-version":[{"id":547,"href":"https:\/\/teve-kvpolku.samk.fi\/index.php?rest_route=\/wp\/v2\/pages\/126\/revisions\/547"}],"wp:attachment":[{"href":"https:\/\/teve-kvpolku.samk.fi\/index.php?rest_route=%2Fwp%2Fv2%2Fmedia&parent=126"}],"curies":[{"name":"wp","href":"https:\/\/api.w.org\/{rel}","templated":true}]}}